{"id":9906,"date":"2022-11-10T14:48:01","date_gmt":"2022-11-10T14:48:01","guid":{"rendered":"https:\/\/almacentecno.com.ar\/?post_type=product&#038;p=9906"},"modified":"2024-05-20T18:19:27","modified_gmt":"2024-05-20T18:19:27","slug":"auriculares-pc-gamer-noga-rgb-color-negro-8108","status":"publish","type":"product","link":"https:\/\/almacentecno.com.ar\/index.php\/product\/auriculares-pc-gamer-noga-rgb-color-negro-8108\/","title":{"rendered":"NOGA REVOKER AURICULARES GAMER INAL\u00c1MBRICOS PARA P4, SWITCH Y PC"},"content":{"rendered":"<div>Noga te presenta REVOKER, Auriculares Gamer Inal\u00e1mbricos de \u00daltima Generaci\u00f3n que te permitir\u00e1n disfrutar de tus juegos en P4, Switch y PC.<\/div>\n<div>Posee un Conector Dongle USB 2.0 de 2.4G para una conexi\u00f3n inal\u00e1mbrica \u00f3ptima.<\/div>\n<div>Tambi\u00e9n incluye Controles Multimedia en el lateral derecho y la opci\u00f3n de usarlo con cable.<\/div>\n<div>Sonido Hi-Fi envolvente y hasta 9 horas de reproducci\u00f3n.<\/div>\n<div>Y gracias a su Micr\u00f3fono Omnidireccional te permitir\u00e1 dominar en Multiplayer.<\/div>\n<div>Preparate a vivir con REVOKER una experiencia gamer \u00fanica.<\/div>\n<div><\/div>\n<div>\n<div>&#8211; Auriculares Gamer Inal\u00e1mbricos con Conector Dongle USB 2.0 de 2.4G<\/div>\n<div>&#8211; Drivers de 50 mm de di\u00e1metro de Neodymium<\/div>\n<div>&#8211; Sonido Hi-Fi envolvente<\/div>\n<div>&#8211; Hasta 9 horas de reproducci\u00f3n<\/div>\n<div>&#8211; Compatible con P4, Switch y PC<\/div>\n<div>&#8211; Micr\u00f3fono Omnidireccional en lateral izquierdo<\/div>\n<div>&#8211; Controles Multimedia: Mic. Mute, Volumen +\/-, Power ON\/OFF, LED de funcionamiento en lateral derecho<\/div>\n<div>&#8211; Entrada Auxiliar de Audio miniplug 3.5 mm Stereo en lateral derecho (incluye cable)<\/div>\n<div>&#8211; Puerto Micro USB DC 5V para recarga de bateria en lateral derecho (incluye cable)<\/div>\n<div>&#8211; Funciona con Bateria Recargable de 500mAH<\/div>\n<div>&#8211; Vincha ajustable<\/div>\n<div>&#8211; Estructura met\u00e1lica y acolchados en laterales y vincha<\/div>\n<div>&#8211; Dise\u00f1o Gamer de \u00daltima Generaci\u00f3n<\/div>\n<\/div>\n<p>&nbsp;<\/p>\n","protected":false},"excerpt":{"rendered":"<p>Noga te presenta REVOKER, Auriculares Gamer Inal\u00e1mbricos de \u00daltima Generaci\u00f3n que te permitir\u00e1n disfrutar de tus juegos en P4, Switch<\/p>\n","protected":false},"featured_media":10371,"comment_status":"open","ping_status":"closed","template":"","meta":{"_joinchat":[]},"product_cat":[20],"product_tag":[],"class_list":{"0":"post-9906","1":"product","2":"type-product","3":"status-publish","4":"has-post-thumbnail","6":"product_cat-auriculares","8":"first","9":"outofstock","10":"shipping-taxable","11":"purchasable","12":"product-type-simple"},"jetpack_sharing_enabled":true,"_links":{"self":[{"href":"https:\/\/almacentecno.com.ar\/index.php\/wp-json\/wp\/v2\/product\/9906"}],"collection":[{"href":"https:\/\/almacentecno.com.ar\/index.php\/wp-json\/wp\/v2\/product"}],"about":[{"href":"https:\/\/almacentecno.com.ar\/index.php\/wp-json\/wp\/v2\/types\/product"}],"replies":[{"embeddable":true,"href":"https:\/\/almacentecno.com.ar\/index.php\/wp-json\/wp\/v2\/comments?post=9906"}],"version-history":[{"count":3,"href":"https:\/\/almacentecno.com.ar\/index.php\/wp-json\/wp\/v2\/product\/9906\/revisions"}],"predecessor-version":[{"id":10374,"href":"https:\/\/almacentecno.com.ar\/index.php\/wp-json\/wp\/v2\/product\/9906\/revisions\/10374"}],"wp:featuredmedia":[{"embeddable":true,"href":"https:\/\/almacentecno.com.ar\/index.php\/wp-json\/wp\/v2\/media\/10371"}],"wp:attachment":[{"href":"https:\/\/almacentecno.com.ar\/index.php\/wp-json\/wp\/v2\/media?parent=9906"}],"wp:term":[{"taxonomy":"product_cat","embeddable":true,"href":"https:\/\/almacentecno.com.ar\/index.php\/wp-json\/wp\/v2\/product_cat?post=9906"},{"taxonomy":"product_tag","embeddable":true,"href":"https:\/\/almacentecno.com.ar\/index.php\/wp-json\/wp\/v2\/product_tag?post=9906"}],"curies":[{"name":"wp","href":"https:\/\/api.w.org\/{rel}","templated":true}]}}