{"id":9873,"date":"2022-10-24T13:45:15","date_gmt":"2022-10-24T13:45:15","guid":{"rendered":"https:\/\/almacentecno.com.ar\/?post_type=product&#038;p=9873"},"modified":"2025-01-07T23:39:31","modified_gmt":"2025-01-07T23:39:31","slug":"sillas-camping","status":"publish","type":"product","link":"https:\/\/almacentecno.com.ar\/index.php\/product\/sillas-camping\/","title":{"rendered":"Sillon Silla Camping Plegable Infantil Con Posavaso Y Bolso"},"content":{"rendered":"<p>F\u00e1cil de armar y desarmar.<br \/>\nUltra liviana.<br \/>\nCon bolso de transporte incluido.<br \/>\nMaterial: tela Oxford 600D + revestimiento impermeable<br \/>\nPeso M\u00e1ximo: 90 KG<br \/>\nSubtipo: Sillas de pesca<br \/>\nTipo: Silla de camping<br \/>\nCaracter\u00edsticas: Plegable, ligero<br \/>\nPatr\u00f3n: S\u00f3lido<br \/>\nPeso: aproximadamente 1 kg<br \/>\nTipo de producto: silla de camping, silla plegable, silla de exterior<br \/>\nUso previsto: camping, exterior<\/p>\n<p>La silla plegable para acampar tiene un dise\u00f1o liviano con una bolsa duradera del mismo color para llevar c\u00f3modamente sobre su hombro. Ideal para muchos usos, como acampar, sentarse en el jard\u00edn, barbacoa.<\/p>\n","protected":false},"excerpt":{"rendered":"<p>F\u00e1cil de armar y desarmar. Ultra liviana. Con bolso de transporte incluido. Material: tela Oxford 600D + revestimiento impermeable Peso<\/p>\n","protected":false},"featured_media":10771,"comment_status":"open","ping_status":"closed","template":"","meta":{"_joinchat":[]},"product_cat":[81],"product_tag":[],"class_list":{"0":"post-9873","1":"product","2":"type-product","3":"status-publish","4":"has-post-thumbnail","6":"product_cat-tiempo-libre","8":"first","9":"outofstock","10":"shipping-taxable","11":"purchasable","12":"product-type-simple"},"jetpack_sharing_enabled":true,"_links":{"self":[{"href":"https:\/\/almacentecno.com.ar\/index.php\/wp-json\/wp\/v2\/product\/9873"}],"collection":[{"href":"https:\/\/almacentecno.com.ar\/index.php\/wp-json\/wp\/v2\/product"}],"about":[{"href":"https:\/\/almacentecno.com.ar\/index.php\/wp-json\/wp\/v2\/types\/product"}],"replies":[{"embeddable":true,"href":"https:\/\/almacentecno.com.ar\/index.php\/wp-json\/wp\/v2\/comments?post=9873"}],"version-history":[{"count":3,"href":"https:\/\/almacentecno.com.ar\/index.php\/wp-json\/wp\/v2\/product\/9873\/revisions"}],"predecessor-version":[{"id":10773,"href":"https:\/\/almacentecno.com.ar\/index.php\/wp-json\/wp\/v2\/product\/9873\/revisions\/10773"}],"wp:featuredmedia":[{"embeddable":true,"href":"https:\/\/almacentecno.com.ar\/index.php\/wp-json\/wp\/v2\/media\/10771"}],"wp:attachment":[{"href":"https:\/\/almacentecno.com.ar\/index.php\/wp-json\/wp\/v2\/media?parent=9873"}],"wp:term":[{"taxonomy":"product_cat","embeddable":true,"href":"https:\/\/almacentecno.com.ar\/index.php\/wp-json\/wp\/v2\/product_cat?post=9873"},{"taxonomy":"product_tag","embeddable":true,"href":"https:\/\/almacentecno.com.ar\/index.php\/wp-json\/wp\/v2\/product_tag?post=9873"}],"curies":[{"name":"wp","href":"https:\/\/api.w.org\/{rel}","templated":true}]}}