{"id":9791,"date":"2022-09-20T22:16:04","date_gmt":"2022-09-20T22:16:04","guid":{"rendered":"https:\/\/almacentecno.com.ar\/?post_type=product&#038;p=9791"},"modified":"2025-08-17T00:04:22","modified_gmt":"2025-08-17T00:04:22","slug":"control-joystick-ps2-analogico-con-cable","status":"publish","type":"product","link":"https:\/\/almacentecno.com.ar\/index.php\/product\/control-joystick-ps2-analogico-con-cable\/","title":{"rendered":"Control Joystick Ps2 &#8211; Analogico &#8211; Con Cable"},"content":{"rendered":"<p>&#8211; Control similar al original de la consola PS2<br \/>\n&#8211; Funci\u00f3n Anal\u00f3gico ( DualShock )<br \/>\n&#8211; Disponible \u00fanicamente en Color negro.<br \/>\n&#8211; Presentacion en blister.<br \/>\n&#8211; Largo del cable 1,35 m.<\/p>\n","protected":false},"excerpt":{"rendered":"<p>&#8211; Control similar al original de la consola PS2 &#8211; Funci\u00f3n Anal\u00f3gico ( DualShock ) &#8211; Disponible \u00fanicamente en Color<\/p>\n","protected":false},"featured_media":9792,"comment_status":"open","ping_status":"closed","template":"","meta":{"_joinchat":[]},"product_cat":[28],"product_tag":[],"class_list":{"0":"post-9791","1":"product","2":"type-product","3":"status-publish","4":"has-post-thumbnail","6":"product_cat-videojuegos","8":"first","9":"instock","10":"shipping-taxable","11":"purchasable","12":"product-type-simple"},"jetpack_sharing_enabled":true,"_links":{"self":[{"href":"https:\/\/almacentecno.com.ar\/index.php\/wp-json\/wp\/v2\/product\/9791"}],"collection":[{"href":"https:\/\/almacentecno.com.ar\/index.php\/wp-json\/wp\/v2\/product"}],"about":[{"href":"https:\/\/almacentecno.com.ar\/index.php\/wp-json\/wp\/v2\/types\/product"}],"replies":[{"embeddable":true,"href":"https:\/\/almacentecno.com.ar\/index.php\/wp-json\/wp\/v2\/comments?post=9791"}],"version-history":[{"count":1,"href":"https:\/\/almacentecno.com.ar\/index.php\/wp-json\/wp\/v2\/product\/9791\/revisions"}],"predecessor-version":[{"id":9794,"href":"https:\/\/almacentecno.com.ar\/index.php\/wp-json\/wp\/v2\/product\/9791\/revisions\/9794"}],"wp:featuredmedia":[{"embeddable":true,"href":"https:\/\/almacentecno.com.ar\/index.php\/wp-json\/wp\/v2\/media\/9792"}],"wp:attachment":[{"href":"https:\/\/almacentecno.com.ar\/index.php\/wp-json\/wp\/v2\/media?parent=9791"}],"wp:term":[{"taxonomy":"product_cat","embeddable":true,"href":"https:\/\/almacentecno.com.ar\/index.php\/wp-json\/wp\/v2\/product_cat?post=9791"},{"taxonomy":"product_tag","embeddable":true,"href":"https:\/\/almacentecno.com.ar\/index.php\/wp-json\/wp\/v2\/product_tag?post=9791"}],"curies":[{"name":"wp","href":"https:\/\/api.w.org\/{rel}","templated":true}]}}