{"id":9648,"date":"2022-08-16T18:39:53","date_gmt":"2022-08-16T18:39:53","guid":{"rendered":"https:\/\/almacentecno.com.ar\/?post_type=product&#038;p=9648"},"modified":"2024-05-16T23:47:53","modified_gmt":"2024-05-16T23:47:53","slug":"auriculares-inalambricos-haylou-gt-series-gt1-pro-negro","status":"publish","type":"product","link":"https:\/\/almacentecno.com.ar\/index.php\/product\/auriculares-inalambricos-haylou-gt-series-gt1-pro-negro\/","title":{"rendered":"Auriculares Inal\u00e1mbricos Haylou Gt Series Gt1 Pro Negro"},"content":{"rendered":"<p>\u2022\u2022Auriculares Haylou GT1 PRO Tactil\u2022\u2022<\/p>\n<p>El \u00faltimo dispositivo con sonido envolvente y operaci\u00f3n simple que se utiliza para juegos, transmisi\u00f3n y ejecuci\u00f3n. Funciones de soporte que incluyen reproducci\u00f3n y pausa de m\u00fasica, respuesta y rechazo de llamadas, cambio de canci\u00f3n, llamada binaural, reducci\u00f3n de ruido, asistente de voz. El GT1 Pro ofrece llamadas claras y un entorno de sonido similar a un concierto.<\/p>\n<p>* BT 5.0, m\u00e1s r\u00e1pido e inteligente que el chip de \u00faltima generaci\u00f3n, compatible con m\u00e1s dispositivos.<br \/>\n* Recogido y emparejamiento autom\u00e1tico \/ Volver a colocar y carga autom\u00e1tica<br \/>\n* Codificaci\u00f3n AAC + altavoz din\u00e1mico y sensible de 7.2 mm + est\u00e9reo de alta fidelidad<br \/>\n* Max. 26 horas de reproducci\u00f3n recargando con el estuche de carga de 800 mAh \/ 43 mAh cada auricular, cuatro indicadores de bater\u00eda. La autonom\u00eda de los auriculares sin recargarlos depende de la intensidad de volumen que se utilicen, a volumen m\u00e1ximo pueden durar unas 3hs aproximadamente.<br \/>\n*Modo Smart Siri \/ Google Voice Assistant<\/p>\n<p>Completamente dise\u00f1ado para un sonido incre\u00edble de alta calidad, mayor alcance y estabilidad, y un sonido cristalino de alta definici\u00f3n.<\/p>\n<p>DOBLE TOQUE &#8211; Contestar \/ finalizar llamadas entrantes.<br \/>\nUN SOLO TOQUE &#8211; Reproduce y pausa m\u00fasica.<br \/>\nTOQUE TRIPLE: active el Asistente de voz.<br \/>\nTOQUE Y MANTENGA POR 1 SEGUNDO &#8211; Ignore la llamada entrante<br \/>\nAURICULAR DOBLE TOQUE IZQUIERDO: salta la pista hacia atr\u00e1s cuando se reproduce.<br \/>\nAURICULAR DOBLE TOQUE A LA DERECHA: salta la pista hacia adelante cuando se reproduce.<\/p>\n<p>&#8212;&#8212;&#8212;&#8212;&#8212;&#8212;&#8212;&#8212;&#8212;&#8212;&#8212;&#8212;&#8212;&#8212;&#8212;&#8212;&#8212;&#8212;&#8212;&#8212;&#8212;&#8212;&#8212;&#8212;&#8212;&#8212;&#8212;&#8212;&#8212;&#8212;&#8212;&#8212;&#8212;<br \/>\nCaracter\u00edsticas:<\/p>\n<p>\u2022Marca: Haylou<br \/>\n\u2022Modelo: GT1 Pro<br \/>\n\u2022Tipo: auriculares TWS BT manos libres<br \/>\n\u2022Materiales: ABS<br \/>\n\u2022Versi\u00f3n BT: 5.0<br \/>\n\u2022Distancia de transmisi\u00f3n: 10 m m\u00e1x. (Sin obst\u00e1culos)<br \/>\n\u2022Rango de respuesta de frecuencia: 20-20000Hz<br \/>\n\u2022Impedancia: 32<br \/>\n\u2022Clasificaci\u00f3n a prueba de agua: IPX5<br \/>\n\u2022Altavoz: unidad de bobina m\u00f3vil de 7.2 mm<br \/>\n\u2022Capacidad de la bater\u00eda del auricular: 43 mAh<br \/>\n\u2022Capacidad de la bater\u00eda del compartimiento de carga: 800 mAh<br \/>\nMax.<br \/>\n\u2022Duraci\u00f3n de los auriculares: aproximadamente 3 horas<br \/>\n\u2022Duraci\u00f3n de los auriculares recargando con la base de bater\u00eda: aproximadamente 26 horas<br \/>\n\u2022Tiempo de carga: aproximadamente 1,5 h<br \/>\n\u2022Tiempo de trabajo: aproximadamente 26h<br \/>\n\u2022Tiempo en espera: aproximadamente 300 h (El tiempo real puede ser diferente debido a una situaci\u00f3n de uso diferente)<br \/>\n\u2022Caracter\u00edsticas: Contestaci\u00f3n de llamadas telef\u00f3nicas, cambio de canci\u00f3n, m\u00fasica compatible, toque m\u00faltiple, reducci\u00f3n de ruido DSP<\/p>\n<p>Voltaje del cargador y requisitos de corriente: 5V\/ 1A<\/p>\n<p>En caso de que no se respete podr\u00eda afectar la Autonom\u00eda de la Bater\u00eda y la garant\u00eda no se lo cubrir\u00eda. No usar Cargador de Carga r\u00e1pida<\/p>\n<p>La imagen es ilustrativa<br \/>\n&#8212;&#8212;&#8212;&#8212;&#8212;&#8212;&#8212;&#8212;&#8212;&#8212;&#8212;&#8212;&#8212;&#8212;&#8212;&#8212;&#8212;&#8212;&#8212;&#8212;&#8212;&#8212;&#8212;&#8212;&#8212;&#8212;&#8212;&#8212;&#8212;&#8212;&#8212;&#8212;&#8212;<br \/>\nContenido de la caja:<br \/>\n\u2022 Auriculares<br \/>\n\u2022Caja de carga<br \/>\n\u2022Cable de datos<br \/>\n\u2022Tapones adicionales<\/p>\n","protected":false},"excerpt":{"rendered":"<p>\u2022\u2022Auriculares Haylou GT1 PRO Tactil\u2022\u2022 El \u00faltimo dispositivo con sonido envolvente y operaci\u00f3n simple que se utiliza para juegos, transmisi\u00f3n<\/p>\n","protected":false},"featured_media":9649,"comment_status":"open","ping_status":"closed","template":"","meta":{"_joinchat":[]},"product_cat":[20],"product_tag":[],"class_list":{"0":"post-9648","1":"product","2":"type-product","3":"status-publish","4":"has-post-thumbnail","6":"product_cat-auriculares","8":"first","9":"outofstock","10":"shipping-taxable","11":"purchasable","12":"product-type-simple"},"jetpack_sharing_enabled":true,"_links":{"self":[{"href":"https:\/\/almacentecno.com.ar\/index.php\/wp-json\/wp\/v2\/product\/9648"}],"collection":[{"href":"https:\/\/almacentecno.com.ar\/index.php\/wp-json\/wp\/v2\/product"}],"about":[{"href":"https:\/\/almacentecno.com.ar\/index.php\/wp-json\/wp\/v2\/types\/product"}],"replies":[{"embeddable":true,"href":"https:\/\/almacentecno.com.ar\/index.php\/wp-json\/wp\/v2\/comments?post=9648"}],"version-history":[{"count":1,"href":"https:\/\/almacentecno.com.ar\/index.php\/wp-json\/wp\/v2\/product\/9648\/revisions"}],"predecessor-version":[{"id":9651,"href":"https:\/\/almacentecno.com.ar\/index.php\/wp-json\/wp\/v2\/product\/9648\/revisions\/9651"}],"wp:featuredmedia":[{"embeddable":true,"href":"https:\/\/almacentecno.com.ar\/index.php\/wp-json\/wp\/v2\/media\/9649"}],"wp:attachment":[{"href":"https:\/\/almacentecno.com.ar\/index.php\/wp-json\/wp\/v2\/media?parent=9648"}],"wp:term":[{"taxonomy":"product_cat","embeddable":true,"href":"https:\/\/almacentecno.com.ar\/index.php\/wp-json\/wp\/v2\/product_cat?post=9648"},{"taxonomy":"product_tag","embeddable":true,"href":"https:\/\/almacentecno.com.ar\/index.php\/wp-json\/wp\/v2\/product_tag?post=9648"}],"curies":[{"name":"wp","href":"https:\/\/api.w.org\/{rel}","templated":true}]}}