{"id":9644,"date":"2022-08-16T18:31:35","date_gmt":"2022-08-16T18:31:35","guid":{"rendered":"https:\/\/almacentecno.com.ar\/?post_type=product&#038;p=9644"},"modified":"2024-08-06T19:02:05","modified_gmt":"2024-08-06T19:02:05","slug":"parlante-bluetooth-2000mah-7-4wr-ldnio-dorado","status":"publish","type":"product","link":"https:\/\/almacentecno.com.ar\/index.php\/product\/parlante-bluetooth-2000mah-7-4wr-ldnio-dorado\/","title":{"rendered":"Parlante Bluetooth 2000mah \/ 7.4wr LDNIO DORADO"},"content":{"rendered":"<p>Parlante BLUETOOTH LDNIO BTS15 2000 mAh\/7.4Wh de color plateado dorado y azul son los colores disponibles para uso dom\u00e9stico. Un parlante con un dise\u00f1o muy elegante y fino que cuenta con una gran potencia y calidad de sonido que puedes dejar en tu habitaci\u00f3n o llevar a cualquier lugar para disfrutar de tu m\u00fasica favorita. Ideal oficina potente bater\u00eda interna de 2000mah que har\u00e1 que disfrutes de tu musica por horas sin tener que enchufarlo.<br \/>\nModelo. BTS15<br \/>\nTipo: Altavoz inal\u00e1mbrico Bluetooth<br \/>\nMaterial del altavoz: Metal<br \/>\nUso: M\u00f3vil , Reproductor Port\u00e1til , Computadora , Sistema de Cine en Casa , Radio , TV<br \/>\nCompatible con la mayor\u00eda de dispositivos del mercado.<\/p>\n<p>COLOR:DORADO<\/p>\n","protected":false},"excerpt":{"rendered":"<p>Parlante BLUETOOTH LDNIO BTS15 2000 mAh\/7.4Wh de color plateado dorado y azul son los colores disponibles para uso dom\u00e9stico. Un<\/p>\n","protected":false},"featured_media":9646,"comment_status":"open","ping_status":"closed","template":"","meta":{"_joinchat":[]},"product_cat":[78],"product_tag":[],"class_list":{"0":"post-9644","1":"product","2":"type-product","3":"status-publish","4":"has-post-thumbnail","6":"product_cat-equipos-de-sonido","8":"first","9":"instock","10":"shipping-taxable","11":"purchasable","12":"product-type-simple"},"jetpack_sharing_enabled":true,"_links":{"self":[{"href":"https:\/\/almacentecno.com.ar\/index.php\/wp-json\/wp\/v2\/product\/9644"}],"collection":[{"href":"https:\/\/almacentecno.com.ar\/index.php\/wp-json\/wp\/v2\/product"}],"about":[{"href":"https:\/\/almacentecno.com.ar\/index.php\/wp-json\/wp\/v2\/types\/product"}],"replies":[{"embeddable":true,"href":"https:\/\/almacentecno.com.ar\/index.php\/wp-json\/wp\/v2\/comments?post=9644"}],"version-history":[{"count":1,"href":"https:\/\/almacentecno.com.ar\/index.php\/wp-json\/wp\/v2\/product\/9644\/revisions"}],"predecessor-version":[{"id":9647,"href":"https:\/\/almacentecno.com.ar\/index.php\/wp-json\/wp\/v2\/product\/9644\/revisions\/9647"}],"wp:featuredmedia":[{"embeddable":true,"href":"https:\/\/almacentecno.com.ar\/index.php\/wp-json\/wp\/v2\/media\/9646"}],"wp:attachment":[{"href":"https:\/\/almacentecno.com.ar\/index.php\/wp-json\/wp\/v2\/media?parent=9644"}],"wp:term":[{"taxonomy":"product_cat","embeddable":true,"href":"https:\/\/almacentecno.com.ar\/index.php\/wp-json\/wp\/v2\/product_cat?post=9644"},{"taxonomy":"product_tag","embeddable":true,"href":"https:\/\/almacentecno.com.ar\/index.php\/wp-json\/wp\/v2\/product_tag?post=9644"}],"curies":[{"name":"wp","href":"https:\/\/api.w.org\/{rel}","templated":true}]}}