{"id":9540,"date":"2022-08-05T01:24:08","date_gmt":"2022-08-05T01:24:08","guid":{"rendered":"https:\/\/almacentecno.com.ar\/?post_type=product&#038;p=9540"},"modified":"2024-05-16T23:46:48","modified_gmt":"2024-05-16T23:46:48","slug":"auriculares-in-ear-bluetooth-noga-13-blancos","status":"publish","type":"product","link":"https:\/\/almacentecno.com.ar\/index.php\/product\/auriculares-in-ear-bluetooth-noga-13-blancos\/","title":{"rendered":"Auriculares In Ear Bluetooth Noga 13 (Blancos)"},"content":{"rendered":"<p>NG-BTWINS 13 te brinda una absoluta comodidad y control total gracias a su Dise\u00f1o de Avanzada y su tama\u00f1o &#8220;Ultra-Small&#8221;.<br \/>\nSu Sistema &#8220;Multifunction Control&#8221; en cada Auricular responden a una simple pulsaci\u00f3n y permiten controlarlos con total seguridad.<br \/>\nSu Tecnolog\u00eda TWS (True Wireless Stereo) te brinda un Audio de Alta Resoluci\u00f3n y podr\u00e1s disfrutar de un sonido envolvente de nueva generaci\u00f3n.<br \/>\nTambi\u00e9n cuentan con Sistema de Manos Libres para recepci\u00f3n de llamadas de tu Smartphone que incluye Asistente de Voz.<br \/>\nTe brindan total libertad de movimiento y total comodidad, tanto en tu hogar como en exteriores.<br \/>\nIncluyen Estuche\/Cargador con Display Digital que recarga los Auriculares por USB conectado a un Adaptador 220V o a una PC.<br \/>\nTama\u00f1o &#8220;Ultra-Small&#8221; que lo hace absolutamente portable.<br \/>\nViv\u00ed una nueva experiencia en Auriculares Inal\u00e1mbricos.<\/p>\n<p>Especificaciones:<br \/>\n&#8211; Auriculares con Tecnolog\u00eda TWS (True Wireless Stereo)<br \/>\n&#8211; Tecnolog\u00eda Inal\u00e1mbrica versi\u00f3n 5.1 + EDR<br \/>\n&#8211; Recepci\u00f3n Inal\u00e1mbrica con alcance de hasta 10 metros<br \/>\n&#8211; &#8220;Multifunction Control&#8221;: Control de Volumen, Play\/Pause, Anterior\/Siguiente y Recepci\u00f3n de Llamadas en ambos Auriculares<br \/>\n&#8211; Atiende llamadas por Sistema de Manos Libres con un Micr\u00f3fono en cada Auricular<br \/>\n&#8211; Presentaci\u00f3n en un elegante Estuche\/Cargador con capacidad de carga de 300mAh<br \/>\n&#8211; Funcionan con Bater\u00eda de 40 mAh en cada Auricular<br \/>\n&#8211; Recarga a trav\u00e9s de 2 mini-polos por cada Auricular<br \/>\n&#8211; Tiempo de carga: 1 a 2 horas<br \/>\n&#8211; Tiempo de reproducci\u00f3n de audio: 3 horas<br \/>\n&#8211; Incluyen Cable USB\/Micro USB para recarga de Bater\u00edas que se conecta a un Adaptador 220V o a una PC<br \/>\n&#8211; Dise\u00f1o de Avanzada con LEDS de conexi\u00f3n en cada Auricular<br \/>\n&#8211; Presenta 2 pares de almohadillas de silicona de repuesto<br \/>\n&#8211; Medidas:<br \/>\n* Auriculares: 2,1 cm. (Alto) x 1,5 cm. (Ancho) x 2,8 cm. (Profundidad)<br \/>\n* Estuche: 2,6 cm. (Alto) x 6 cm. (Ancho) x 3,8 cm. (Profundidad)<br \/>\nEl estuche posee cierre imantado y Display Digital indicador de carga<\/p>\n","protected":false},"excerpt":{"rendered":"<p>NG-BTWINS 13 te brinda una absoluta comodidad y control total gracias a su Dise\u00f1o de Avanzada y su tama\u00f1o &#8220;Ultra-Small&#8221;.<\/p>\n","protected":false},"featured_media":9541,"comment_status":"open","ping_status":"closed","template":"","meta":{"_joinchat":[]},"product_cat":[20],"product_tag":[],"class_list":{"0":"post-9540","1":"product","2":"type-product","3":"status-publish","4":"has-post-thumbnail","6":"product_cat-auriculares","8":"first","9":"outofstock","10":"shipping-taxable","11":"purchasable","12":"product-type-simple"},"jetpack_sharing_enabled":true,"_links":{"self":[{"href":"https:\/\/almacentecno.com.ar\/index.php\/wp-json\/wp\/v2\/product\/9540"}],"collection":[{"href":"https:\/\/almacentecno.com.ar\/index.php\/wp-json\/wp\/v2\/product"}],"about":[{"href":"https:\/\/almacentecno.com.ar\/index.php\/wp-json\/wp\/v2\/types\/product"}],"replies":[{"embeddable":true,"href":"https:\/\/almacentecno.com.ar\/index.php\/wp-json\/wp\/v2\/comments?post=9540"}],"version-history":[{"count":2,"href":"https:\/\/almacentecno.com.ar\/index.php\/wp-json\/wp\/v2\/product\/9540\/revisions"}],"predecessor-version":[{"id":9745,"href":"https:\/\/almacentecno.com.ar\/index.php\/wp-json\/wp\/v2\/product\/9540\/revisions\/9745"}],"wp:featuredmedia":[{"embeddable":true,"href":"https:\/\/almacentecno.com.ar\/index.php\/wp-json\/wp\/v2\/media\/9541"}],"wp:attachment":[{"href":"https:\/\/almacentecno.com.ar\/index.php\/wp-json\/wp\/v2\/media?parent=9540"}],"wp:term":[{"taxonomy":"product_cat","embeddable":true,"href":"https:\/\/almacentecno.com.ar\/index.php\/wp-json\/wp\/v2\/product_cat?post=9540"},{"taxonomy":"product_tag","embeddable":true,"href":"https:\/\/almacentecno.com.ar\/index.php\/wp-json\/wp\/v2\/product_tag?post=9540"}],"curies":[{"name":"wp","href":"https:\/\/api.w.org\/{rel}","templated":true}]}}