{"id":9510,"date":"2022-08-04T22:56:16","date_gmt":"2022-08-04T22:56:16","guid":{"rendered":"https:\/\/almacentecno.com.ar\/?post_type=product&#038;p=9510"},"modified":"2025-05-26T20:11:46","modified_gmt":"2025-05-26T20:11:46","slug":"aspiradora-de-mano-auto-12v-portatil-ligera","status":"publish","type":"product","link":"https:\/\/almacentecno.com.ar\/index.php\/product\/aspiradora-de-mano-auto-12v-portatil-ligera\/","title":{"rendered":"Aspiradora USB"},"content":{"rendered":"<p>Aspiradora USB<\/p>\n<p>&#8211; Incluye 3 boquillas de limpieza diferentes<br \/>\n&#8211; dise\u00f1o ergon\u00f3mico y port\u00e1til<br \/>\n&#8211; Aspirado veloz y efectivo<br \/>\n&#8211; Filtro HEPA lavable de alta eficiencia<\/p>\n","protected":false},"excerpt":{"rendered":"<p>Aspiradora USB &#8211; Incluye 3 boquillas de limpieza diferentes &#8211; dise\u00f1o ergon\u00f3mico y port\u00e1til &#8211; Aspirado veloz y efectivo &#8211;<\/p>\n","protected":false},"featured_media":10965,"comment_status":"open","ping_status":"closed","template":"","meta":{"_joinchat":[]},"product_cat":[77,79],"product_tag":[],"class_list":{"0":"post-9510","1":"product","2":"type-product","3":"status-publish","4":"has-post-thumbnail","6":"product_cat-accesorios","7":"product_cat-electrodomesticos","9":"first","10":"instock","11":"shipping-taxable","12":"purchasable","13":"product-type-simple"},"jetpack_sharing_enabled":true,"_links":{"self":[{"href":"https:\/\/almacentecno.com.ar\/index.php\/wp-json\/wp\/v2\/product\/9510"}],"collection":[{"href":"https:\/\/almacentecno.com.ar\/index.php\/wp-json\/wp\/v2\/product"}],"about":[{"href":"https:\/\/almacentecno.com.ar\/index.php\/wp-json\/wp\/v2\/types\/product"}],"replies":[{"embeddable":true,"href":"https:\/\/almacentecno.com.ar\/index.php\/wp-json\/wp\/v2\/comments?post=9510"}],"version-history":[{"count":3,"href":"https:\/\/almacentecno.com.ar\/index.php\/wp-json\/wp\/v2\/product\/9510\/revisions"}],"predecessor-version":[{"id":10955,"href":"https:\/\/almacentecno.com.ar\/index.php\/wp-json\/wp\/v2\/product\/9510\/revisions\/10955"}],"wp:featuredmedia":[{"embeddable":true,"href":"https:\/\/almacentecno.com.ar\/index.php\/wp-json\/wp\/v2\/media\/10965"}],"wp:attachment":[{"href":"https:\/\/almacentecno.com.ar\/index.php\/wp-json\/wp\/v2\/media?parent=9510"}],"wp:term":[{"taxonomy":"product_cat","embeddable":true,"href":"https:\/\/almacentecno.com.ar\/index.php\/wp-json\/wp\/v2\/product_cat?post=9510"},{"taxonomy":"product_tag","embeddable":true,"href":"https:\/\/almacentecno.com.ar\/index.php\/wp-json\/wp\/v2\/product_tag?post=9510"}],"curies":[{"name":"wp","href":"https:\/\/api.w.org\/{rel}","templated":true}]}}