{"id":9340,"date":"2022-06-15T20:16:52","date_gmt":"2022-06-15T20:16:52","guid":{"rendered":"https:\/\/almacentecno.com.ar\/?post_type=product&#038;p=9340"},"modified":"2026-04-15T00:17:29","modified_gmt":"2026-04-15T00:17:29","slug":"consola-portatil-juegos-retro-game","status":"publish","type":"product","link":"https:\/\/almacentecno.com.ar\/index.php\/product\/consola-portatil-juegos-retro-game\/","title":{"rendered":"Consola Game Stick 4k con 2 Joysticks Inal\u00e1mbricos"},"content":{"rendered":"<ul class=\"sc-34c797d0-2 caRSJV\">\n<li class=\"sc-34c797d0-3 bqzLZL\">\n<h3 class=\"sc-34c797d0-4 kdvZTD\">Caracteristicas<\/h3>\n<div class=\"sc-34c797d0-6 hXHXnJ\">\n<div id=\"5a301bef1400007e00490a9f\">\n<p>\u2022 Consolas Incorporadas: Playstation 1, ATARI, MAME (m\u00e1quinas arcade), Super Nintendo, Nintendo (NES), Game Boy Advance, Game Boy, Game Boy Color, Sega G\u00e9nesis<\/p>\n<p>\u2022 Procesador: Rockchip AK3128 4 Nucleos 1.3 GHZ.<\/p>\n<p>\u2022 Puedes Agregar y Quitar Juegos de Manera Sencilla<\/p>\n<p>\u2022 Permite Guardar el Progreso<\/p>\n<p>\u2022 Opci\u00f3n de B\u00fasqueda de Juegos<\/p>\n<p>\u2022 Compatible con Televisores, Proyectores y Monitores<\/p>\n<p>\u2022 Joysticks Inal\u00e1mbricos que Soportan hasta 10 Metros de Distancia<\/p>\n<p>\u2022 Posibilidad de Ampliar la MicroSD hasta 128 Gb<\/p>\n<p>\u2022 Calidad 4K<\/p>\n<p>LA COMPRA INCLUYE:<\/p>\n<p>\u2022 1 Ud. Game Stick M8\u00a0con mas\u00a0de 10.000 Juegos<\/p>\n<p>\u2022 1 Ud. Micro SD 64Gb<\/p>\n<p>\u2022 2 Uds. Joysticks inal\u00e1mbricos<\/p>\n<p>\u2022 1 Ud. Receptor USB<\/p>\n<p>\u2022 1 Ud. Cable de alimentaci\u00f3n micro USB a USB<\/p>\n<p>\u2022 1 Ud. Cable extensor de HDMI<\/p>\n<p>REVIVI LOS 90 y mucho m\u00e1s<\/p>\n<p>CONECTAS HDMI Y LISTO A JUGAR !!!<\/p>\n<\/div>\n<\/div>\n<\/li>\n<li class=\"sc-34c797d0-3 bqzLZL\">\n<h3 class=\"sc-34c797d0-4 kdvZTD\">Descripci\u00f3n<\/h3>\n<div class=\"sc-34c797d0-6 hXHXnJ\">\n<div id=\"5a301bee1400007f0049091f\">\n<p>\u00a1Disfruta de los mejores juegos retro en tu televisor, proyector o monitor<\/p>\n<p>El Game Stick 4k M8 es una consola port\u00e1til que te permite jugar a m\u00e1s de 10.000 juegos retro de diferentes consolas, como MAME, FC, GB, GBA, GBC, MD, SFC, PS1, ATARI.<\/p>\n<p>Con su dise\u00f1o compacto y ligero, es f\u00e1cil de transportar para que puedas jugar en cualquier lugar.<\/p>\n<p>La consola cuenta con conectividad HDMI para jugar en tu televisor<\/p>\n<p>Es la opci\u00f3n ideal para los amantes de los videojuegos cl\u00e1sicos que buscan revivir la nostalgia de sus juegos favoritos. Con su dise\u00f1o compacto y port\u00e1til, podr\u00e1s disfrutar de una experiencia de juego inmersiva en cualquier lugar. Este dispositivo cuenta con una resoluci\u00f3n 4K, lo que garantiza gr\u00e1ficos n\u00edtidos y vibrantes que mejoran la jugabilidad.<\/p>\n<p>Los juegos preinstalados incluyen cl\u00e1sicos como Super Mario, The Legend of Zelda, Pok\u00e9mon, Final Fantasy, etc. Tambi\u00e9n puedes a\u00f1adir nuevos juegos descargando ROMs desde Internet.<\/p>\n<p>El Game Stick 4k M8\u00a0es una excelente opci\u00f3n para los amantes de los juegos retro. Con su gran cantidad de juegos preinstalados y su dise\u00f1o port\u00e1til, es la consola perfecta para disfrutar de los cl\u00e1sicos de siempre.<\/p>\n<p>La consola no es solo para los m\u00e1s j\u00f3venes, sino que est\u00e1 dise\u00f1ada para jugadores de todas las edades que buscan una experiencia aut\u00e9ntica. Con una amplia variedad de juegos retro disponibles, cada sesi\u00f3n de juego se convierte en un viaje a trav\u00e9s del tiempo, perfecto para compartir con amigos o disfrutar en solitario.<\/p>\n<p>&nbsp;<\/p>\n<\/div>\n<\/div>\n<\/li>\n<\/ul>\n","protected":false},"excerpt":{"rendered":"<p>Caracteristicas \u2022 Consolas Incorporadas: Playstation 1, ATARI, MAME (m\u00e1quinas arcade), Super Nintendo, Nintendo (NES), Game Boy Advance, Game Boy, Game<\/p>\n","protected":false},"featured_media":10282,"comment_status":"open","ping_status":"closed","template":"","meta":{"_joinchat":[]},"product_cat":[28],"product_tag":[],"class_list":{"0":"post-9340","1":"product","2":"type-product","3":"status-publish","4":"has-post-thumbnail","6":"product_cat-videojuegos","8":"first","9":"instock","10":"shipping-taxable","11":"purchasable","12":"product-type-simple"},"jetpack_sharing_enabled":true,"_links":{"self":[{"href":"https:\/\/almacentecno.com.ar\/index.php\/wp-json\/wp\/v2\/product\/9340"}],"collection":[{"href":"https:\/\/almacentecno.com.ar\/index.php\/wp-json\/wp\/v2\/product"}],"about":[{"href":"https:\/\/almacentecno.com.ar\/index.php\/wp-json\/wp\/v2\/types\/product"}],"replies":[{"embeddable":true,"href":"https:\/\/almacentecno.com.ar\/index.php\/wp-json\/wp\/v2\/comments?post=9340"}],"version-history":[{"count":3,"href":"https:\/\/almacentecno.com.ar\/index.php\/wp-json\/wp\/v2\/product\/9340\/revisions"}],"predecessor-version":[{"id":10740,"href":"https:\/\/almacentecno.com.ar\/index.php\/wp-json\/wp\/v2\/product\/9340\/revisions\/10740"}],"wp:featuredmedia":[{"embeddable":true,"href":"https:\/\/almacentecno.com.ar\/index.php\/wp-json\/wp\/v2\/media\/10282"}],"wp:attachment":[{"href":"https:\/\/almacentecno.com.ar\/index.php\/wp-json\/wp\/v2\/media?parent=9340"}],"wp:term":[{"taxonomy":"product_cat","embeddable":true,"href":"https:\/\/almacentecno.com.ar\/index.php\/wp-json\/wp\/v2\/product_cat?post=9340"},{"taxonomy":"product_tag","embeddable":true,"href":"https:\/\/almacentecno.com.ar\/index.php\/wp-json\/wp\/v2\/product_tag?post=9340"}],"curies":[{"name":"wp","href":"https:\/\/api.w.org\/{rel}","templated":true}]}}