{"id":9305,"date":"2022-06-14T18:40:43","date_gmt":"2022-06-14T18:40:43","guid":{"rendered":"https:\/\/almacentecno.com.ar\/?post_type=product&#038;p=9305"},"modified":"2024-11-04T19:58:19","modified_gmt":"2024-11-04T19:58:19","slug":"reloj-smartwatch-noga","status":"publish","type":"product","link":"https:\/\/almacentecno.com.ar\/index.php\/product\/reloj-smartwatch-noga\/","title":{"rendered":"Reloj Smartwatch Noga NG-SW04"},"content":{"rendered":"<p>&#8211; Tecnolog\u00eda Inal\u00e1mbrica BT Versi\u00f3n 4.0<br \/>\n&#8211; Pantalla color TFT de 1.3 pulgadas<br \/>\n&#8211; Control total a trav\u00e9s de Bot\u00f3n T\u00e1ctil<br \/>\n&#8211; Funciona con Bater\u00eda de Litio de 150 mAH<br \/>\n&#8211; Recarga por USB retirando la malla superior<br \/>\n&#8211; Tiempo de recarga: 1.5 horas<br \/>\n&#8211; Tiempo de uso: 5 dias aproximadamente<br \/>\n&#8211; Compatible con Android 4.2 y superior e iOS 8.0 y superiores<br \/>\n&#8211; Resistente al agua (soporta salpicaduras)<\/p>\n<p>Su dise\u00f1o es moderno y ultra liviano, reloj de mu\u00f1eca resistente al agua.<br \/>\nNoga Watch con Control Saludable. Control, confort y elegancia.<\/p>\n","protected":false},"excerpt":{"rendered":"<p>&#8211; Tecnolog\u00eda Inal\u00e1mbrica BT Versi\u00f3n 4.0 &#8211; Pantalla color TFT de 1.3 pulgadas &#8211; Control total a trav\u00e9s de Bot\u00f3n<\/p>\n","protected":false},"featured_media":10352,"comment_status":"open","ping_status":"closed","template":"","meta":{"_joinchat":[]},"product_cat":[29],"product_tag":[],"class_list":{"0":"post-9305","1":"product","2":"type-product","3":"status-publish","4":"has-post-thumbnail","6":"product_cat-relojes","8":"first","9":"outofstock","10":"shipping-taxable","11":"purchasable","12":"product-type-simple"},"jetpack_sharing_enabled":true,"_links":{"self":[{"href":"https:\/\/almacentecno.com.ar\/index.php\/wp-json\/wp\/v2\/product\/9305"}],"collection":[{"href":"https:\/\/almacentecno.com.ar\/index.php\/wp-json\/wp\/v2\/product"}],"about":[{"href":"https:\/\/almacentecno.com.ar\/index.php\/wp-json\/wp\/v2\/types\/product"}],"replies":[{"embeddable":true,"href":"https:\/\/almacentecno.com.ar\/index.php\/wp-json\/wp\/v2\/comments?post=9305"}],"version-history":[{"count":3,"href":"https:\/\/almacentecno.com.ar\/index.php\/wp-json\/wp\/v2\/product\/9305\/revisions"}],"predecessor-version":[{"id":10353,"href":"https:\/\/almacentecno.com.ar\/index.php\/wp-json\/wp\/v2\/product\/9305\/revisions\/10353"}],"wp:featuredmedia":[{"embeddable":true,"href":"https:\/\/almacentecno.com.ar\/index.php\/wp-json\/wp\/v2\/media\/10352"}],"wp:attachment":[{"href":"https:\/\/almacentecno.com.ar\/index.php\/wp-json\/wp\/v2\/media?parent=9305"}],"wp:term":[{"taxonomy":"product_cat","embeddable":true,"href":"https:\/\/almacentecno.com.ar\/index.php\/wp-json\/wp\/v2\/product_cat?post=9305"},{"taxonomy":"product_tag","embeddable":true,"href":"https:\/\/almacentecno.com.ar\/index.php\/wp-json\/wp\/v2\/product_tag?post=9305"}],"curies":[{"name":"wp","href":"https:\/\/api.w.org\/{rel}","templated":true}]}}