{"id":9268,"date":"2022-06-13T00:47:42","date_gmt":"2022-06-13T00:47:42","guid":{"rendered":"https:\/\/almacentecno.com.ar\/?post_type=product&#038;p=9268"},"modified":"2026-02-20T21:42:35","modified_gmt":"2026-02-20T21:42:35","slug":"popitelectronico","status":"publish","type":"product","link":"https:\/\/almacentecno.com.ar\/index.php\/product\/popitelectronico\/","title":{"rendered":"Popit Electronico Memoria Con Luz Y Sonido Arcade"},"content":{"rendered":"<table class=\"andes-table\">\n<tbody class=\"andes-table__body\">\n<tr class=\"andes-table__row ui-vpp-striped-specs__row\">\n<th class=\"andes-table__header andes-table__header--left ui-vpp-striped-specs__row__column ui-vpp-striped-specs__row__column--id\" scope=\"col\">\n<div class=\"andes-table__header__container\">Material<\/div>\n<\/th>\n<td id=\":Rkptit6l9hm:\" class=\"andes-table__column andes-table__column--left andes-table__column--vertical-align-center ui-vpp-striped-specs__row__column\" title=\"Pl\u00e1stico\"><span class=\"andes-table__column--value\">Pl\u00e1stico<\/span><\/td>\n<\/tr>\n<tr class=\"andes-table__row ui-vpp-striped-specs__row\">\n<th class=\"andes-table__header andes-table__header--left ui-vpp-striped-specs__row__column ui-vpp-striped-specs__row__column--id\" scope=\"col\">\n<div class=\"andes-table__header__container\">Forma<\/div>\n<\/th>\n<td id=\":Rkqtit6l9hm:\" class=\"andes-table__column andes-table__column--left andes-table__column--vertical-align-center ui-vpp-striped-specs__row__column\" title=\"Circular\"><span class=\"andes-table__column--value\">Circular<\/span><\/td>\n<\/tr>\n<tr class=\"andes-table__row ui-vpp-striped-specs__row\">\n<th class=\"andes-table__header andes-table__header--left ui-vpp-striped-specs__row__column ui-vpp-striped-specs__row__column--id\" scope=\"col\">\n<div class=\"andes-table__header__container\">Largo<\/div>\n<\/th>\n<td id=\":Rkrtit6l9hm:\" class=\"andes-table__column andes-table__column--left andes-table__column--vertical-align-center ui-vpp-striped-specs__row__column\" title=\"15 cm\"><span class=\"andes-table__column--value\">15 cm<\/span><\/td>\n<\/tr>\n<tr class=\"andes-table__row ui-vpp-striped-specs__row\">\n<th class=\"andes-table__header andes-table__header--left ui-vpp-striped-specs__row__column ui-vpp-striped-specs__row__column--id\" scope=\"col\">\n<div class=\"andes-table__header__container\">Ancho<\/div>\n<\/th>\n<td id=\":Rkstit6l9hm:\" class=\"andes-table__column andes-table__column--left andes-table__column--vertical-align-center ui-vpp-striped-specs__row__column\" title=\"12 cm\"><span class=\"andes-table__column--value\">12 cm<\/span><\/td>\n<\/tr>\n<tr class=\"andes-table__row ui-vpp-striped-specs__row\">\n<th class=\"andes-table__header andes-table__header--left ui-vpp-striped-specs__row__column ui-vpp-striped-specs__row__column--id\" scope=\"col\">\n<div class=\"andes-table__header__container\">Profundidad<\/div>\n<\/th>\n<td id=\":Rkttit6l9hm:\" class=\"andes-table__column andes-table__column--left andes-table__column--vertical-align-center ui-vpp-striped-specs__row__column\" title=\"5 cm\"><span class=\"andes-table__column--value\">5 cm<\/span><\/td>\n<\/tr>\n<tr class=\"andes-table__row ui-vpp-striped-specs__row\">\n<th class=\"andes-table__header andes-table__header--left ui-vpp-striped-specs__row__column ui-vpp-striped-specs__row__column--id\" scope=\"col\">\n<div class=\"andes-table__header__container\">Edad m\u00ednima recomendada<\/div>\n<\/th>\n<td id=\":Rkutit6l9hm:\" class=\"andes-table__column andes-table__column--left andes-table__column--vertical-align-center ui-vpp-striped-specs__row__column\" title=\"3 a\u00f1os\"><span class=\"andes-table__column--value\">3 a\u00f1os<\/span><\/td>\n<\/tr>\n<tr class=\"andes-table__row ui-vpp-striped-specs__row\">\n<th class=\"andes-table__header andes-table__header--left ui-vpp-striped-specs__row__column ui-vpp-striped-specs__row__column--id\" scope=\"col\">\n<div class=\"andes-table__header__container\">Edad recomendada<\/div>\n<\/th>\n<td id=\":Rkvtit6l9hm:\" class=\"andes-table__column andes-table__column--left andes-table__column--vertical-align-center ui-vpp-striped-specs__row__column\" title=\"5-7 a\u00f1os\"><span class=\"andes-table__column--value\">5-7 a\u00f1os<\/span><\/td>\n<\/tr>\n<\/tbody>\n<\/table>\n<p>Funciona con 3 pilas AAA : NO incluidas<\/p>\n<p>Explora el mundo sensorial de los juguetes con nuestro innovador Pop It Electr\u00f3nico inspirado. Dise\u00f1ado para proporcionar horas de diversi\u00f3n y relajaci\u00f3n, este juguete sensorial es perfecto para ni\u00f1os y adultos por igual.<\/p>\n<p>Caracter\u00edsticas Destacadas:<\/p>\n<p>Dise\u00f1o Encantador: Sum\u00e9rgete en el mundo m\u00e1gico con este Pop It electr\u00f3nicamente animado. Cuenta con im\u00e1genes ic\u00f3nicas que a\u00f1adir\u00e1n un toque de nostalgia a tu diversi\u00f3n diaria.<\/p>\n<p>Sensorial y Terap\u00e9utico: Presiona, estira y escucha los suaves sonidos de burbujeo mientras experimentas una sensaci\u00f3n t\u00e1ctil y auditiva que puede ser terap\u00e9utica y relajante. Ideal para aliviar el estr\u00e9s y la ansiedad.<\/p>\n<p>Electr\u00f3nico y Divertido: A\u00f1adiendo una nueva dimensi\u00f3n al cl\u00e1sico juego de Pop It, este modelo electr\u00f3nico incluye luces LED que se iluminan al tacto, llevando la experiencia de juego a otro nivel de emoci\u00f3n y entretenimiento.<\/p>\n<p>Compacto y Port\u00e1til: Ll\u00e9valo contigo a donde quieras. Este Pop It se adapta perfectamente a tus manos y cabe f\u00e1cilmente en tu bolsa, mochila o incluso en el bolsillo, para que puedas disfrutar de la diversi\u00f3n sensorial en cualquier momento y lugar.<\/p>\n<p>&nbsp;<\/p>\n","protected":false},"excerpt":{"rendered":"<p>Material Pl\u00e1stico Forma Circular Largo 15 cm Ancho 12 cm Profundidad 5 cm Edad m\u00ednima recomendada 3 a\u00f1os Edad recomendada<\/p>\n","protected":false},"featured_media":10464,"comment_status":"open","ping_status":"closed","template":"","meta":{"_joinchat":[]},"product_cat":[53],"product_tag":[],"class_list":{"0":"post-9268","1":"product","2":"type-product","3":"status-publish","4":"has-post-thumbnail","6":"product_cat-juguetes","8":"first","9":"instock","10":"shipping-taxable","11":"purchasable","12":"product-type-simple"},"jetpack_sharing_enabled":true,"_links":{"self":[{"href":"https:\/\/almacentecno.com.ar\/index.php\/wp-json\/wp\/v2\/product\/9268"}],"collection":[{"href":"https:\/\/almacentecno.com.ar\/index.php\/wp-json\/wp\/v2\/product"}],"about":[{"href":"https:\/\/almacentecno.com.ar\/index.php\/wp-json\/wp\/v2\/types\/product"}],"replies":[{"embeddable":true,"href":"https:\/\/almacentecno.com.ar\/index.php\/wp-json\/wp\/v2\/comments?post=9268"}],"version-history":[{"count":4,"href":"https:\/\/almacentecno.com.ar\/index.php\/wp-json\/wp\/v2\/product\/9268\/revisions"}],"predecessor-version":[{"id":10465,"href":"https:\/\/almacentecno.com.ar\/index.php\/wp-json\/wp\/v2\/product\/9268\/revisions\/10465"}],"wp:featuredmedia":[{"embeddable":true,"href":"https:\/\/almacentecno.com.ar\/index.php\/wp-json\/wp\/v2\/media\/10464"}],"wp:attachment":[{"href":"https:\/\/almacentecno.com.ar\/index.php\/wp-json\/wp\/v2\/media?parent=9268"}],"wp:term":[{"taxonomy":"product_cat","embeddable":true,"href":"https:\/\/almacentecno.com.ar\/index.php\/wp-json\/wp\/v2\/product_cat?post=9268"},{"taxonomy":"product_tag","embeddable":true,"href":"https:\/\/almacentecno.com.ar\/index.php\/wp-json\/wp\/v2\/product_tag?post=9268"}],"curies":[{"name":"wp","href":"https:\/\/api.w.org\/{rel}","templated":true}]}}