{"id":9090,"date":"2022-05-24T14:29:40","date_gmt":"2022-05-24T14:29:40","guid":{"rendered":"https:\/\/almacentecno.com.ar\/?post_type=product&#038;p=9090"},"modified":"2026-02-20T21:47:35","modified_gmt":"2026-02-20T21:47:35","slug":"auricular-bluetooth-running-c-microfono-ultra-livianos","status":"publish","type":"product","link":"https:\/\/almacentecno.com.ar\/index.php\/product\/auricular-bluetooth-running-c-microfono-ultra-livianos\/","title":{"rendered":"Auricular Bluetooth Running C\/ Microfono Ultra Livianos"},"content":{"rendered":"<p>Auriculares Bluetooth In Ear<br \/>\nMarca: Black Point<br \/>\nModelo: H60<br \/>\n\u00bb Para llevar tu m\u00fasica favorita a todos lados con micr\u00f3fono incorporado para poder atender tus llamadas y un dise\u00f1o moderno, todo para que no tengas l\u00edmites.<\/p>\n<p>\u2022 CARACTER\u00cdSTICAS \u2022<br \/>\n\u00bb Auriculares con conexi\u00f3n Bluetooth<br \/>\n\u00bb Micr\u00f3fono<br \/>\n\u00bb Confortable<br \/>\n\u00bb Bater\u00eda recargable<br \/>\n\u00bb Peso del producto: 0.03gr<br \/>\n\u00bb Medidas: 5,5 x 1 x 5cm<\/p>\n","protected":false},"excerpt":{"rendered":"<p>Auriculares Bluetooth In Ear Marca: Black Point Modelo: H60 \u00bb Para llevar tu m\u00fasica favorita a todos lados con micr\u00f3fono<\/p>\n","protected":false},"featured_media":9093,"comment_status":"open","ping_status":"closed","template":"","meta":{"_joinchat":[]},"product_cat":[20],"product_tag":[],"class_list":{"0":"post-9090","1":"product","2":"type-product","3":"status-publish","4":"has-post-thumbnail","6":"product_cat-auriculares","8":"first","9":"outofstock","10":"shipping-taxable","11":"purchasable","12":"product-type-simple"},"jetpack_sharing_enabled":true,"_links":{"self":[{"href":"https:\/\/almacentecno.com.ar\/index.php\/wp-json\/wp\/v2\/product\/9090"}],"collection":[{"href":"https:\/\/almacentecno.com.ar\/index.php\/wp-json\/wp\/v2\/product"}],"about":[{"href":"https:\/\/almacentecno.com.ar\/index.php\/wp-json\/wp\/v2\/types\/product"}],"replies":[{"embeddable":true,"href":"https:\/\/almacentecno.com.ar\/index.php\/wp-json\/wp\/v2\/comments?post=9090"}],"version-history":[{"count":1,"href":"https:\/\/almacentecno.com.ar\/index.php\/wp-json\/wp\/v2\/product\/9090\/revisions"}],"predecessor-version":[{"id":9096,"href":"https:\/\/almacentecno.com.ar\/index.php\/wp-json\/wp\/v2\/product\/9090\/revisions\/9096"}],"wp:featuredmedia":[{"embeddable":true,"href":"https:\/\/almacentecno.com.ar\/index.php\/wp-json\/wp\/v2\/media\/9093"}],"wp:attachment":[{"href":"https:\/\/almacentecno.com.ar\/index.php\/wp-json\/wp\/v2\/media?parent=9090"}],"wp:term":[{"taxonomy":"product_cat","embeddable":true,"href":"https:\/\/almacentecno.com.ar\/index.php\/wp-json\/wp\/v2\/product_cat?post=9090"},{"taxonomy":"product_tag","embeddable":true,"href":"https:\/\/almacentecno.com.ar\/index.php\/wp-json\/wp\/v2\/product_tag?post=9090"}],"curies":[{"name":"wp","href":"https:\/\/api.w.org\/{rel}","templated":true}]}}