{"id":8987,"date":"2022-05-22T17:03:14","date_gmt":"2022-05-22T17:03:14","guid":{"rendered":"https:\/\/almacentecno.com.ar\/?post_type=product&#038;p=8987"},"modified":"2024-08-22T19:30:18","modified_gmt":"2024-08-22T19:30:18","slug":"pendrive-32gb-kingston-datatraveler-exodia-usb-3-2","status":"publish","type":"product","link":"https:\/\/almacentecno.com.ar\/index.php\/product\/pendrive-32gb-kingston-datatraveler-exodia-usb-3-2\/","title":{"rendered":"Pendrive 32gb Kingston Datatraveler Exodia Usb 3.2"},"content":{"rendered":"<p>Pendrive 32GB &#8211; USB 3.2 Gen 1<\/p>\n<p>&#8211; Pr\u00e1ctico capuch\u00f3n para proteger el conector USB &#8211; Presilla de gran tama\u00f1o para unirla f\u00e1cilmente al llavero.<\/p>\n<p>Informaci\u00f3n T\u00e9cnica<br \/>\nCapacidad 32GB<br \/>\nInterfaz USB 3.2<br \/>\nApariencia Estandar<\/p>\n","protected":false},"excerpt":{"rendered":"<p>Pendrive 32GB &#8211; USB 3.2 Gen 1 &#8211; Pr\u00e1ctico capuch\u00f3n para proteger el conector USB &#8211; Presilla de gran tama\u00f1o<\/p>\n","protected":false},"featured_media":8988,"comment_status":"open","ping_status":"closed","template":"","meta":{"_joinchat":[]},"product_cat":[74],"product_tag":[],"class_list":{"0":"post-8987","1":"product","2":"type-product","3":"status-publish","4":"has-post-thumbnail","6":"product_cat-almacenamiento","8":"first","9":"instock","10":"shipping-taxable","11":"purchasable","12":"product-type-simple"},"jetpack_sharing_enabled":true,"_links":{"self":[{"href":"https:\/\/almacentecno.com.ar\/index.php\/wp-json\/wp\/v2\/product\/8987"}],"collection":[{"href":"https:\/\/almacentecno.com.ar\/index.php\/wp-json\/wp\/v2\/product"}],"about":[{"href":"https:\/\/almacentecno.com.ar\/index.php\/wp-json\/wp\/v2\/types\/product"}],"replies":[{"embeddable":true,"href":"https:\/\/almacentecno.com.ar\/index.php\/wp-json\/wp\/v2\/comments?post=8987"}],"version-history":[{"count":1,"href":"https:\/\/almacentecno.com.ar\/index.php\/wp-json\/wp\/v2\/product\/8987\/revisions"}],"predecessor-version":[{"id":8990,"href":"https:\/\/almacentecno.com.ar\/index.php\/wp-json\/wp\/v2\/product\/8987\/revisions\/8990"}],"wp:featuredmedia":[{"embeddable":true,"href":"https:\/\/almacentecno.com.ar\/index.php\/wp-json\/wp\/v2\/media\/8988"}],"wp:attachment":[{"href":"https:\/\/almacentecno.com.ar\/index.php\/wp-json\/wp\/v2\/media?parent=8987"}],"wp:term":[{"taxonomy":"product_cat","embeddable":true,"href":"https:\/\/almacentecno.com.ar\/index.php\/wp-json\/wp\/v2\/product_cat?post=8987"},{"taxonomy":"product_tag","embeddable":true,"href":"https:\/\/almacentecno.com.ar\/index.php\/wp-json\/wp\/v2\/product_tag?post=8987"}],"curies":[{"name":"wp","href":"https:\/\/api.w.org\/{rel}","templated":true}]}}