{"id":8968,"date":"2022-05-20T20:34:58","date_gmt":"2022-05-20T20:34:58","guid":{"rendered":"https:\/\/almacentecno.com.ar\/?post_type=product&#038;p=8968"},"modified":"2025-05-26T21:42:29","modified_gmt":"2025-05-26T21:42:29","slug":"soporte-universal-auto-rejilla-aire-celular-gps-giratorio","status":"publish","type":"product","link":"https:\/\/almacentecno.com.ar\/index.php\/product\/soporte-universal-auto-rejilla-aire-celular-gps-giratorio\/","title":{"rendered":"Soporte Universal Auto Rejilla Aire Celular Gps Giratorio"},"content":{"rendered":"<p>Este soporte se coloca en la rejilla de ventilaci\u00f3n de tu auto, asegur\u00e1ndote que sea firme y giratorio hasta un \u00e1ngulo de 360\u00b0 para que puedas usar programas de GPS como el Waze o Google Maps para evitar el tr\u00e1fico. Compatible con cualquier equipo m\u00f3vil con las caracter\u00edsticas mencionadas.<\/p>\n<p>Caracter\u00edsticas:<br \/>\n*Dise\u00f1o muy compacto y ligero<br \/>\n*Clips asegura un estricto control para tel\u00e9fono y ventilaci\u00f3n gira 360\u00b0<br \/>\n*Compatible con equipos de hasta 8,5 cm<\/p>\n","protected":false},"excerpt":{"rendered":"<p>Este soporte se coloca en la rejilla de ventilaci\u00f3n de tu auto, asegur\u00e1ndote que sea firme y giratorio hasta un<\/p>\n","protected":false},"featured_media":8969,"comment_status":"open","ping_status":"closed","template":"","meta":{"_joinchat":[]},"product_cat":[77],"product_tag":[],"class_list":{"0":"post-8968","1":"product","2":"type-product","3":"status-publish","4":"has-post-thumbnail","6":"product_cat-accesorios","8":"first","9":"instock","10":"shipping-taxable","11":"purchasable","12":"product-type-simple"},"jetpack_sharing_enabled":true,"_links":{"self":[{"href":"https:\/\/almacentecno.com.ar\/index.php\/wp-json\/wp\/v2\/product\/8968"}],"collection":[{"href":"https:\/\/almacentecno.com.ar\/index.php\/wp-json\/wp\/v2\/product"}],"about":[{"href":"https:\/\/almacentecno.com.ar\/index.php\/wp-json\/wp\/v2\/types\/product"}],"replies":[{"embeddable":true,"href":"https:\/\/almacentecno.com.ar\/index.php\/wp-json\/wp\/v2\/comments?post=8968"}],"version-history":[{"count":1,"href":"https:\/\/almacentecno.com.ar\/index.php\/wp-json\/wp\/v2\/product\/8968\/revisions"}],"predecessor-version":[{"id":8971,"href":"https:\/\/almacentecno.com.ar\/index.php\/wp-json\/wp\/v2\/product\/8968\/revisions\/8971"}],"wp:featuredmedia":[{"embeddable":true,"href":"https:\/\/almacentecno.com.ar\/index.php\/wp-json\/wp\/v2\/media\/8969"}],"wp:attachment":[{"href":"https:\/\/almacentecno.com.ar\/index.php\/wp-json\/wp\/v2\/media?parent=8968"}],"wp:term":[{"taxonomy":"product_cat","embeddable":true,"href":"https:\/\/almacentecno.com.ar\/index.php\/wp-json\/wp\/v2\/product_cat?post=8968"},{"taxonomy":"product_tag","embeddable":true,"href":"https:\/\/almacentecno.com.ar\/index.php\/wp-json\/wp\/v2\/product_tag?post=8968"}],"curies":[{"name":"wp","href":"https:\/\/api.w.org\/{rel}","templated":true}]}}