{"id":8925,"date":"2022-05-19T20:19:47","date_gmt":"2022-05-19T20:19:47","guid":{"rendered":"https:\/\/almacentecno.com.ar\/?post_type=product&#038;p=8925"},"modified":"2024-01-12T23:39:02","modified_gmt":"2024-01-12T23:39:02","slug":"auriculares-bluetooth-deportivo-in-ear-imantados","status":"publish","type":"product","link":"https:\/\/almacentecno.com.ar\/index.php\/product\/auriculares-bluetooth-deportivo-in-ear-imantados\/","title":{"rendered":"Auriculares Bluetooth Deportivo In Ear Imantados"},"content":{"rendered":"<p>Auriculares Bluetooth Deportivo In Ear imantados<\/p>\n<p>M\u00e1xima calidad de sonido de alta definici\u00f3n con cancelaci\u00f3n de ruido, ultralivianos, cierre magn\u00e9tico, tienen manos libres para poder hablar por tel\u00e9fono, la bater\u00eda dura hasta 4 horas y conectan con todas las marcas de tel\u00e9fonos y computadoras. Los podes usar con el tel\u00e9fono, la computadora y la tv. Para correr, entrenar o atender llamadas cuando no quieras usar el celular.<br \/>\nConfortable y liviano.<br \/>\nIdeal para hacer deportes!<\/p>\n<p>Imantados para comodidad si los dejas de usar, queda como un collar.<\/p>\n","protected":false},"excerpt":{"rendered":"<p>Auriculares Bluetooth Deportivo In Ear imantados M\u00e1xima calidad de sonido de alta definici\u00f3n con cancelaci\u00f3n de ruido, ultralivianos, cierre magn\u00e9tico,<\/p>\n","protected":false},"featured_media":8928,"comment_status":"open","ping_status":"closed","template":"","meta":{"_joinchat":[]},"product_cat":[20],"product_tag":[],"class_list":{"0":"post-8925","1":"product","2":"type-product","3":"status-publish","4":"has-post-thumbnail","6":"product_cat-auriculares","8":"first","9":"instock","10":"shipping-taxable","11":"purchasable","12":"product-type-simple"},"jetpack_sharing_enabled":true,"_links":{"self":[{"href":"https:\/\/almacentecno.com.ar\/index.php\/wp-json\/wp\/v2\/product\/8925"}],"collection":[{"href":"https:\/\/almacentecno.com.ar\/index.php\/wp-json\/wp\/v2\/product"}],"about":[{"href":"https:\/\/almacentecno.com.ar\/index.php\/wp-json\/wp\/v2\/types\/product"}],"replies":[{"embeddable":true,"href":"https:\/\/almacentecno.com.ar\/index.php\/wp-json\/wp\/v2\/comments?post=8925"}],"version-history":[{"count":1,"href":"https:\/\/almacentecno.com.ar\/index.php\/wp-json\/wp\/v2\/product\/8925\/revisions"}],"predecessor-version":[{"id":8927,"href":"https:\/\/almacentecno.com.ar\/index.php\/wp-json\/wp\/v2\/product\/8925\/revisions\/8927"}],"wp:featuredmedia":[{"embeddable":true,"href":"https:\/\/almacentecno.com.ar\/index.php\/wp-json\/wp\/v2\/media\/8928"}],"wp:attachment":[{"href":"https:\/\/almacentecno.com.ar\/index.php\/wp-json\/wp\/v2\/media?parent=8925"}],"wp:term":[{"taxonomy":"product_cat","embeddable":true,"href":"https:\/\/almacentecno.com.ar\/index.php\/wp-json\/wp\/v2\/product_cat?post=8925"},{"taxonomy":"product_tag","embeddable":true,"href":"https:\/\/almacentecno.com.ar\/index.php\/wp-json\/wp\/v2\/product_tag?post=8925"}],"curies":[{"name":"wp","href":"https:\/\/api.w.org\/{rel}","templated":true}]}}