{"id":8865,"date":"2022-05-18T23:37:09","date_gmt":"2022-05-18T23:37:09","guid":{"rendered":"https:\/\/almacentecno.com.ar\/?post_type=product&#038;p=8865"},"modified":"2024-01-12T23:52:34","modified_gmt":"2024-01-12T23:52:34","slug":"convertidor-de-audio-digital-a-analogo-optico-a-rca-led-tv","status":"publish","type":"product","link":"https:\/\/almacentecno.com.ar\/index.php\/product\/convertidor-de-audio-digital-a-analogo-optico-a-rca-led-tv\/","title":{"rendered":"Convertidor De Audio Digital A Analogo Optico A Rca Led Tv"},"content":{"rendered":"<p>Convertidor de audio Digital a Audio Anal\u00f3gico tanto para uso hogare\u00f1o como profesional, posee entrada de Audio digital Coaxial o Toslink digital y lo convierte en salida RCA anal\u00f3gico L\/R.<\/p>\n<p>Soporta samples rates de 32, 44.1, 48 and 96 KHz. &#8211; 24-bit S\/PDIF<br \/>\nEntradas: Coaxial o Toslink digital audio<br \/>\nSalidas: L\/R audio RCA<br \/>\nSampling rate: 32, 44.1, 48 and 96 KHz<\/p>\n<p>Se alimenta con: 5V DC\/1A (INCLUYE CABLE)<\/p>\n<p>Se alimenta con cualquier cargador de celular o usb del televisor.<br \/>\nNO INCLUYE CABLES OPTICO<\/p>\n","protected":false},"excerpt":{"rendered":"<p>Convertidor de audio Digital a Audio Anal\u00f3gico tanto para uso hogare\u00f1o como profesional, posee entrada de Audio digital Coaxial o<\/p>\n","protected":false},"featured_media":8866,"comment_status":"open","ping_status":"closed","template":"","meta":{"_joinchat":[]},"product_cat":[77,73],"product_tag":[],"class_list":{"0":"post-8865","1":"product","2":"type-product","3":"status-publish","4":"has-post-thumbnail","6":"product_cat-accesorios","7":"product_cat-cables-y-adaptadores","9":"first","10":"instock","11":"shipping-taxable","12":"purchasable","13":"product-type-simple"},"jetpack_sharing_enabled":true,"_links":{"self":[{"href":"https:\/\/almacentecno.com.ar\/index.php\/wp-json\/wp\/v2\/product\/8865"}],"collection":[{"href":"https:\/\/almacentecno.com.ar\/index.php\/wp-json\/wp\/v2\/product"}],"about":[{"href":"https:\/\/almacentecno.com.ar\/index.php\/wp-json\/wp\/v2\/types\/product"}],"replies":[{"embeddable":true,"href":"https:\/\/almacentecno.com.ar\/index.php\/wp-json\/wp\/v2\/comments?post=8865"}],"version-history":[{"count":1,"href":"https:\/\/almacentecno.com.ar\/index.php\/wp-json\/wp\/v2\/product\/8865\/revisions"}],"predecessor-version":[{"id":8867,"href":"https:\/\/almacentecno.com.ar\/index.php\/wp-json\/wp\/v2\/product\/8865\/revisions\/8867"}],"wp:featuredmedia":[{"embeddable":true,"href":"https:\/\/almacentecno.com.ar\/index.php\/wp-json\/wp\/v2\/media\/8866"}],"wp:attachment":[{"href":"https:\/\/almacentecno.com.ar\/index.php\/wp-json\/wp\/v2\/media?parent=8865"}],"wp:term":[{"taxonomy":"product_cat","embeddable":true,"href":"https:\/\/almacentecno.com.ar\/index.php\/wp-json\/wp\/v2\/product_cat?post=8865"},{"taxonomy":"product_tag","embeddable":true,"href":"https:\/\/almacentecno.com.ar\/index.php\/wp-json\/wp\/v2\/product_tag?post=8865"}],"curies":[{"name":"wp","href":"https:\/\/api.w.org\/{rel}","templated":true}]}}

<p>Convertidor de audio Digital a Audio Analógico tanto para uso hogareño como profesional, posee entrada de Audio digital Coaxial o Toslink digital y lo convierte en salida RCA analógico L/R.</p>
<p>Soporta samples rates de 32, 44.1, 48 and 96 KHz. &#8211; 24-bit S/PDIF<br />
Entradas: Coaxial o Toslink digital audio<br />
Salidas: L/R audio RCA<br />
Sampling rate: 32, 44.1, 48 and 96 KHz</p>
<p>Se alimenta con: 5V DC/1A (INCLUYE CABLE)</p>
<p>Se alimenta con cualquier cargador de celular o usb del televisor.<br />
NO INCLUYE CABLES OPTICO</p>

<p>Convertidor de audio Digital a Audio Analógico tanto para uso hogareño como profesional, posee entrada de Audio digital Coaxial o</p>
