{"id":11379,"date":"2026-03-07T22:16:28","date_gmt":"2026-03-07T22:16:28","guid":{"rendered":"https:\/\/almacentecno.com.ar\/?post_type=product&#038;p=11379"},"modified":"2026-03-07T22:28:07","modified_gmt":"2026-03-07T22:28:07","slug":"secador-de-pelo-dfo-750w","status":"publish","type":"product","link":"https:\/\/almacentecno.com.ar\/index.php\/product\/secador-de-pelo-dfo-750w\/","title":{"rendered":"Secador de pelo DFO 750W"},"content":{"rendered":"<p>Este secador de pelo pr\u00e1ctico y potente est\u00e1 dise\u00f1ado para lograr un secado r\u00e1pido y eficaz sin da\u00f1ar tu cabello.<\/p>\n<p>Ideal para uso diario, combina comodidad, velocidad y resultados profesionales en la comodidad de tu casa.<\/p>\n","protected":false},"excerpt":{"rendered":"<p>Este secador de pelo pr\u00e1ctico y potente est\u00e1 dise\u00f1ado para lograr un secado r\u00e1pido y eficaz sin da\u00f1ar tu cabello.<\/p>\n","protected":false},"featured_media":11380,"comment_status":"open","ping_status":"closed","template":"","meta":{"_joinchat":[]},"product_cat":[79],"product_tag":[],"class_list":{"0":"post-11379","1":"product","2":"type-product","3":"status-publish","4":"has-post-thumbnail","6":"product_cat-electrodomesticos","8":"first","9":"instock","10":"shipping-taxable","11":"purchasable","12":"product-type-simple"},"jetpack_sharing_enabled":true,"_links":{"self":[{"href":"https:\/\/almacentecno.com.ar\/index.php\/wp-json\/wp\/v2\/product\/11379"}],"collection":[{"href":"https:\/\/almacentecno.com.ar\/index.php\/wp-json\/wp\/v2\/product"}],"about":[{"href":"https:\/\/almacentecno.com.ar\/index.php\/wp-json\/wp\/v2\/types\/product"}],"replies":[{"embeddable":true,"href":"https:\/\/almacentecno.com.ar\/index.php\/wp-json\/wp\/v2\/comments?post=11379"}],"version-history":[{"count":1,"href":"https:\/\/almacentecno.com.ar\/index.php\/wp-json\/wp\/v2\/product\/11379\/revisions"}],"predecessor-version":[{"id":11382,"href":"https:\/\/almacentecno.com.ar\/index.php\/wp-json\/wp\/v2\/product\/11379\/revisions\/11382"}],"wp:featuredmedia":[{"embeddable":true,"href":"https:\/\/almacentecno.com.ar\/index.php\/wp-json\/wp\/v2\/media\/11380"}],"wp:attachment":[{"href":"https:\/\/almacentecno.com.ar\/index.php\/wp-json\/wp\/v2\/media?parent=11379"}],"wp:term":[{"taxonomy":"product_cat","embeddable":true,"href":"https:\/\/almacentecno.com.ar\/index.php\/wp-json\/wp\/v2\/product_cat?post=11379"},{"taxonomy":"product_tag","embeddable":true,"href":"https:\/\/almacentecno.com.ar\/index.php\/wp-json\/wp\/v2\/product_tag?post=11379"}],"curies":[{"name":"wp","href":"https:\/\/api.w.org\/{rel}","templated":true}]}}

<p>Este secador de pelo práctico y potente está diseñado para lograr un secado rápido y eficaz sin dañar tu cabello.</p>
<p>Ideal para uso diario, combina comodidad, velocidad y resultados profesionales en la comodidad de tu casa.</p>

<p>Este secador de pelo práctico y potente está diseñado para lograr un secado rápido y eficaz sin dañar tu cabello.</p>
