{"id":11232,"date":"2025-12-06T20:53:55","date_gmt":"2025-12-06T20:53:55","guid":{"rendered":"https:\/\/almacentecno.com.ar\/?post_type=product&#038;p=11232"},"modified":"2026-04-14T23:51:52","modified_gmt":"2026-04-14T23:51:52","slug":"pistola-de-burbujas-tiny-bubbles","status":"publish","type":"product","link":"https:\/\/almacentecno.com.ar\/index.php\/product\/pistola-de-burbujas-tiny-bubbles\/","title":{"rendered":"Pistola de Burbujas Tiny Bubbles"},"content":{"rendered":"<p><strong>Burbujero El\u00e9ctrico Tiny Bubbles \u2013 \u00a1Burbujas sin parar!<\/strong><br \/>\n\u00a1Diversi\u00f3n garantizada con los Burbujeros El\u00e9ctricos <strong>Tiny Bubbles<\/strong>! Estos coloridos lanzadores autom\u00e1ticos llenan el aire de burbujas en segundos, ideales para jugar al aire libre, en cumplea\u00f1os o cualquier momento especial.<br \/>\nIncluyen el burbujero, un recipiente para l\u00edquido y un frasco con soluci\u00f3n para empezar a jugar desde el primer momento.<\/p>\n","protected":false},"excerpt":{"rendered":"<p>Burbujero El\u00e9ctrico Tiny Bubbles \u2013 \u00a1Burbujas sin parar! \u00a1Diversi\u00f3n garantizada con los Burbujeros El\u00e9ctricos Tiny Bubbles! Estos coloridos lanzadores autom\u00e1ticos<\/p>\n","protected":false},"featured_media":11233,"comment_status":"open","ping_status":"closed","template":"","meta":{"_joinchat":[]},"product_cat":[53],"product_tag":[],"class_list":{"0":"post-11232","1":"product","2":"type-product","3":"status-publish","4":"has-post-thumbnail","6":"product_cat-juguetes","8":"first","9":"outofstock","10":"shipping-taxable","11":"purchasable","12":"product-type-simple"},"jetpack_sharing_enabled":true,"_links":{"self":[{"href":"https:\/\/almacentecno.com.ar\/index.php\/wp-json\/wp\/v2\/product\/11232"}],"collection":[{"href":"https:\/\/almacentecno.com.ar\/index.php\/wp-json\/wp\/v2\/product"}],"about":[{"href":"https:\/\/almacentecno.com.ar\/index.php\/wp-json\/wp\/v2\/types\/product"}],"replies":[{"embeddable":true,"href":"https:\/\/almacentecno.com.ar\/index.php\/wp-json\/wp\/v2\/comments?post=11232"}],"version-history":[{"count":1,"href":"https:\/\/almacentecno.com.ar\/index.php\/wp-json\/wp\/v2\/product\/11232\/revisions"}],"predecessor-version":[{"id":11234,"href":"https:\/\/almacentecno.com.ar\/index.php\/wp-json\/wp\/v2\/product\/11232\/revisions\/11234"}],"wp:featuredmedia":[{"embeddable":true,"href":"https:\/\/almacentecno.com.ar\/index.php\/wp-json\/wp\/v2\/media\/11233"}],"wp:attachment":[{"href":"https:\/\/almacentecno.com.ar\/index.php\/wp-json\/wp\/v2\/media?parent=11232"}],"wp:term":[{"taxonomy":"product_cat","embeddable":true,"href":"https:\/\/almacentecno.com.ar\/index.php\/wp-json\/wp\/v2\/product_cat?post=11232"},{"taxonomy":"product_tag","embeddable":true,"href":"https:\/\/almacentecno.com.ar\/index.php\/wp-json\/wp\/v2\/product_tag?post=11232"}],"curies":[{"name":"wp","href":"https:\/\/api.w.org\/{rel}","templated":true}]}}