{"id":11119,"date":"2025-09-22T22:49:53","date_gmt":"2025-09-22T22:49:53","guid":{"rendered":"https:\/\/almacentecno.com.ar\/?post_type=product&#038;p=11119"},"modified":"2025-10-14T03:20:53","modified_gmt":"2025-10-14T03:20:53","slug":"auricular-inalambrico-netmak-magic","status":"publish","type":"product","link":"https:\/\/almacentecno.com.ar\/index.php\/product\/auricular-inalambrico-netmak-magic\/","title":{"rendered":"Auricular inal\u00e1mbrico Netmak Magic"},"content":{"rendered":"<div class=\"product-description user-content\">Los auriculares vincha Netmak MAGIC son la combinaci\u00f3n perfecta de estilo y funcionalidad. Con un dise\u00f1o over-ear luminoso y llamativo, son ideales para gamers y para los m\u00e1s j\u00f3venes. Su conexi\u00f3n Bluetooth 5.0 + EDR te permite disfrutar de tu m\u00fasica o juegos con total libertad, mientras el micr\u00f3fono integrado facilita la comunicaci\u00f3n. Son c\u00f3modos y vers\u00e1tiles para cualquier actividad.El modelo MAGIC ofrece una experiencia auditiva inmersiva gracias a su formato over-ear, dise\u00f1ado para la comodidad durante sesiones prolongadas. Son perfectos para videollamadas, clases en l\u00ednea o simplemente escuchar tu m\u00fasica favorita. Su funci\u00f3n dual te permite usarlos de forma inal\u00e1mbrica o con cable, y su micr\u00f3fono te asegura una voz clara y sin interferencias en tus conversaciones.<\/p>\n<p>Estos auriculares tienen una conectividad Bluetooth 5.0 + EDR con un alcance de 10 metros. Su bater\u00eda de 360 mAh te ofrece una autonom\u00eda prolongada para que no te quedes sin m\u00fasica. Se cargan a trav\u00e9s de un puerto Tipo-C y tambi\u00e9n incluyen un cable auxiliar de 3.5 mm para una conexi\u00f3n por cable.<\/p>\n<\/div>\n","protected":false},"excerpt":{"rendered":"<p>Los auriculares vincha Netmak MAGIC son la combinaci\u00f3n perfecta de estilo y funcionalidad. Con un dise\u00f1o over-ear luminoso y llamativo,<\/p>\n","protected":false},"featured_media":11120,"comment_status":"open","ping_status":"closed","template":"","meta":{"_joinchat":[]},"product_cat":[77,20,75],"product_tag":[],"class_list":{"0":"post-11119","1":"product","2":"type-product","3":"status-publish","4":"has-post-thumbnail","6":"product_cat-accesorios","7":"product_cat-auriculares","8":"product_cat-computacion","10":"first","11":"instock","12":"shipping-taxable","13":"purchasable","14":"product-type-simple"},"jetpack_sharing_enabled":true,"_links":{"self":[{"href":"https:\/\/almacentecno.com.ar\/index.php\/wp-json\/wp\/v2\/product\/11119"}],"collection":[{"href":"https:\/\/almacentecno.com.ar\/index.php\/wp-json\/wp\/v2\/product"}],"about":[{"href":"https:\/\/almacentecno.com.ar\/index.php\/wp-json\/wp\/v2\/types\/product"}],"replies":[{"embeddable":true,"href":"https:\/\/almacentecno.com.ar\/index.php\/wp-json\/wp\/v2\/comments?post=11119"}],"version-history":[{"count":1,"href":"https:\/\/almacentecno.com.ar\/index.php\/wp-json\/wp\/v2\/product\/11119\/revisions"}],"predecessor-version":[{"id":11123,"href":"https:\/\/almacentecno.com.ar\/index.php\/wp-json\/wp\/v2\/product\/11119\/revisions\/11123"}],"wp:featuredmedia":[{"embeddable":true,"href":"https:\/\/almacentecno.com.ar\/index.php\/wp-json\/wp\/v2\/media\/11120"}],"wp:attachment":[{"href":"https:\/\/almacentecno.com.ar\/index.php\/wp-json\/wp\/v2\/media?parent=11119"}],"wp:term":[{"taxonomy":"product_cat","embeddable":true,"href":"https:\/\/almacentecno.com.ar\/index.php\/wp-json\/wp\/v2\/product_cat?post=11119"},{"taxonomy":"product_tag","embeddable":true,"href":"https:\/\/almacentecno.com.ar\/index.php\/wp-json\/wp\/v2\/product_tag?post=11119"}],"curies":[{"name":"wp","href":"https:\/\/api.w.org\/{rel}","templated":true}]}}