{"id":10986,"date":"2025-05-29T20:07:08","date_gmt":"2025-05-29T20:07:08","guid":{"rendered":"https:\/\/almacentecno.com.ar\/?post_type=product&#038;p=10986"},"modified":"2025-08-16T22:59:29","modified_gmt":"2025-08-16T22:59:29","slug":"picador-de-verduras-manual","status":"publish","type":"product","link":"https:\/\/almacentecno.com.ar\/index.php\/product\/picador-de-verduras-manual\/","title":{"rendered":"Picador de Verduras Manual"},"content":{"rendered":"<p>Picador de vegetales manual, ideal para facilitar tus tareas culinarias. Este vers\u00e1til procesador est\u00e1 fabricado con un resistente material de PVC, garantizando su durabilidad y resistencia al uso constante. Adem\u00e1s, cuenta con cuchillas de acero inoxidable, material reconocido por su resistencia a la corrosi\u00f3n y su capacidad para mantener un filo duradero.<\/p>\n<p>Este modelo incluye tres piezas esenciales: un bowl para contener los alimentos, una tapa para asegurar un procesamiento seguro y una cuchilla de tres hojas superafiladas para un corte eficiente. Adem\u00e1s, estas cuchillas son intercambiables, permitiendo adaptar la picadora a tus necesidades espec\u00edficas.<\/p>\n","protected":false},"excerpt":{"rendered":"<p>Picador de vegetales manual, ideal para facilitar tus tareas culinarias. Este vers\u00e1til procesador est\u00e1 fabricado con un resistente material de<\/p>\n","protected":false},"featured_media":10987,"comment_status":"open","ping_status":"closed","template":"","meta":{"_joinchat":[]},"product_cat":[79],"product_tag":[],"class_list":{"0":"post-10986","1":"product","2":"type-product","3":"status-publish","4":"has-post-thumbnail","6":"product_cat-electrodomesticos","8":"first","9":"instock","10":"shipping-taxable","11":"purchasable","12":"product-type-simple"},"jetpack_sharing_enabled":true,"_links":{"self":[{"href":"https:\/\/almacentecno.com.ar\/index.php\/wp-json\/wp\/v2\/product\/10986"}],"collection":[{"href":"https:\/\/almacentecno.com.ar\/index.php\/wp-json\/wp\/v2\/product"}],"about":[{"href":"https:\/\/almacentecno.com.ar\/index.php\/wp-json\/wp\/v2\/types\/product"}],"replies":[{"embeddable":true,"href":"https:\/\/almacentecno.com.ar\/index.php\/wp-json\/wp\/v2\/comments?post=10986"}],"version-history":[{"count":1,"href":"https:\/\/almacentecno.com.ar\/index.php\/wp-json\/wp\/v2\/product\/10986\/revisions"}],"predecessor-version":[{"id":10989,"href":"https:\/\/almacentecno.com.ar\/index.php\/wp-json\/wp\/v2\/product\/10986\/revisions\/10989"}],"wp:featuredmedia":[{"embeddable":true,"href":"https:\/\/almacentecno.com.ar\/index.php\/wp-json\/wp\/v2\/media\/10987"}],"wp:attachment":[{"href":"https:\/\/almacentecno.com.ar\/index.php\/wp-json\/wp\/v2\/media?parent=10986"}],"wp:term":[{"taxonomy":"product_cat","embeddable":true,"href":"https:\/\/almacentecno.com.ar\/index.php\/wp-json\/wp\/v2\/product_cat?post=10986"},{"taxonomy":"product_tag","embeddable":true,"href":"https:\/\/almacentecno.com.ar\/index.php\/wp-json\/wp\/v2\/product_tag?post=10986"}],"curies":[{"name":"wp","href":"https:\/\/api.w.org\/{rel}","templated":true}]}}