{"id":10601,"date":"2024-04-30T01:43:02","date_gmt":"2024-04-30T01:43:02","guid":{"rendered":"https:\/\/almacentecno.com.ar\/?post_type=product&#038;p=10601"},"modified":"2024-07-18T15:33:20","modified_gmt":"2024-07-18T15:33:20","slug":"reloj-despertador-cubo-luces-led-colores-pantalla-con-alarma","status":"publish","type":"product","link":"https:\/\/almacentecno.com.ar\/index.php\/product\/reloj-despertador-cubo-luces-led-colores-pantalla-con-alarma\/","title":{"rendered":"Reloj Despertador Cubo Luces Led Colores Pantalla Con Alarma"},"content":{"rendered":"<p>RELOJ DESPERTADOR EN FORMA DE CUBO CON PANTALLA Y LUCES LED<\/p>\n<p>Este reloj despertador digital en forma de cubo es una mezcla perfecta de funcionalidad y estilo.<\/p>\n<p>Una de sus caracter\u00edsticas destacadas es su alarma, que te permite despertar con diferentes sonidos seleccionables.<\/p>\n<p>Las luces LED RGB incorporadas le dan un toque moderno y elegante.<\/p>\n<p>La pantalla muestra la hora de manera clara y f\u00e1cil de leer. Adem\u00e1s, tambi\u00e9n te proporciona informaci\u00f3n sobre el d\u00eda de la semana, la fecha y la temperatura ambiente actual. De esta manera, tendr\u00e1s toda la informaci\u00f3n necesaria al alcance de tu mano.<\/p>\n","protected":false},"excerpt":{"rendered":"<p>RELOJ DESPERTADOR EN FORMA DE CUBO CON PANTALLA Y LUCES LED Este reloj despertador digital en forma de cubo es<\/p>\n","protected":false},"featured_media":10603,"comment_status":"open","ping_status":"closed","template":"","meta":{"_joinchat":[]},"product_cat":[77,29],"product_tag":[],"class_list":{"0":"post-10601","1":"product","2":"type-product","3":"status-publish","4":"has-post-thumbnail","6":"product_cat-accesorios","7":"product_cat-relojes","9":"first","10":"instock","11":"shipping-taxable","12":"purchasable","13":"product-type-simple"},"jetpack_sharing_enabled":true,"_links":{"self":[{"href":"https:\/\/almacentecno.com.ar\/index.php\/wp-json\/wp\/v2\/product\/10601"}],"collection":[{"href":"https:\/\/almacentecno.com.ar\/index.php\/wp-json\/wp\/v2\/product"}],"about":[{"href":"https:\/\/almacentecno.com.ar\/index.php\/wp-json\/wp\/v2\/types\/product"}],"replies":[{"embeddable":true,"href":"https:\/\/almacentecno.com.ar\/index.php\/wp-json\/wp\/v2\/comments?post=10601"}],"version-history":[{"count":1,"href":"https:\/\/almacentecno.com.ar\/index.php\/wp-json\/wp\/v2\/product\/10601\/revisions"}],"predecessor-version":[{"id":10605,"href":"https:\/\/almacentecno.com.ar\/index.php\/wp-json\/wp\/v2\/product\/10601\/revisions\/10605"}],"wp:featuredmedia":[{"embeddable":true,"href":"https:\/\/almacentecno.com.ar\/index.php\/wp-json\/wp\/v2\/media\/10603"}],"wp:attachment":[{"href":"https:\/\/almacentecno.com.ar\/index.php\/wp-json\/wp\/v2\/media?parent=10601"}],"wp:term":[{"taxonomy":"product_cat","embeddable":true,"href":"https:\/\/almacentecno.com.ar\/index.php\/wp-json\/wp\/v2\/product_cat?post=10601"},{"taxonomy":"product_tag","embeddable":true,"href":"https:\/\/almacentecno.com.ar\/index.php\/wp-json\/wp\/v2\/product_tag?post=10601"}],"curies":[{"name":"wp","href":"https:\/\/api.w.org\/{rel}","templated":true}]}}

<p>RELOJ DESPERTADOR EN FORMA DE CUBO CON PANTALLA Y LUCES LED</p>
<p>Este reloj despertador digital en forma de cubo es una mezcla perfecta de funcionalidad y estilo.</p>
<p>Una de sus características destacadas es su alarma, que te permite despertar con diferentes sonidos seleccionables.</p>
<p>Las luces LED RGB incorporadas le dan un toque moderno y elegante.</p>
<p>La pantalla muestra la hora de manera clara y fácil de leer. Además, también te proporciona información sobre el día de la semana, la fecha y la temperatura ambiente actual. De esta manera, tendrás toda la información necesaria al alcance de tu mano.</p>
