{"id":10364,"date":"2024-02-29T16:32:18","date_gmt":"2024-02-29T16:32:18","guid":{"rendered":"https:\/\/almacentecno.com.ar\/?post_type=product&#038;p=10364"},"modified":"2024-08-21T15:01:38","modified_gmt":"2024-08-21T15:01:38","slug":"termo-con-sensor-temperatura-botella-termica-500ml","status":"publish","type":"product","link":"https:\/\/almacentecno.com.ar\/index.php\/product\/termo-con-sensor-temperatura-botella-termica-500ml\/","title":{"rendered":"Termo Con Sensor Temperatura Botella Termica 500ml"},"content":{"rendered":"<div id=\"description\" class=\"ui-pdp-container__row ui-pdp-container__row--description\">\n<div class=\"ui-pdp-description\">\n<p class=\"ui-pdp-description__content\">Termo T\u00e9rmico de Acero Inoxidable 500ML<\/p>\n<p>Termo inteligente es una excelente opci\u00f3n para tu rutina diaria. Lograr\u00e1s mantener tus bebidas fr\u00edas o calientes gracias a su retenci\u00f3n de temperaturas a largo plazo. Cuenta con un vac\u00edo de 360 grados que permite un bloqueo a prueba de fugas.<\/p>\n<p>Dise\u00f1o pr\u00e1ctico y 100% original. \u00a1Tecnolog\u00eda LED incorporada! Cuenta con un indicador de temperatura que te permitir\u00e1 visualizar en qu\u00e9 estado se encuentra tu bebida.<\/p>\n<p>Posee un filtro y l\u00edneas de acero inoxidable 304 con revestimiento antibacteriano m\u00e1s seguro y sin olor. \u00a1Podr\u00e1s filtrar t\u00e9, infusiones y agua!<\/p>\n<p>Copa espiral redondeada: De gran di\u00e1metro para facilitar la limpieza. El forro interior es liso y suave.<\/p>\n<p>Tapa sellada y base de silicona. Material ecol\u00f3gico libre de BPA.<\/p>\n<p>Medida: 23cm de Alto x 6,5cm de Ancho<br \/>\n&#8211; Sensor T\u00e1ctil<br \/>\n&#8211; Sensor Temperatura Acero Inoxidable<br \/>\n&#8211; Chip inteligente, sin necesidad de cargar, sin necesidad de reemplazar la bater\u00eda<br \/>\n&#8211; Material: Acero Inoxidable<br \/>\n&#8211; Capacidad: 500 ml.<\/p>\n<\/div>\n<\/div>\n<div class=\"ui-vip-core-spot-middle\">\n<section class=\"ui-recommendations-carousel-wrapper-ref\">\n<div class=\"ui-recommendations-carousel-snapped ui-pdp-with--separator-top ui-pdp-with--separator-top--full mb-40 ui-pdp-with--separator ui-pdp-with--separator--full recos-override__card-vertical\">\n<div class=\"ui-recommendations-carousel-snapped__header\">\n<div class=\"ui-recommendations-carousel-snapped__header-titles\"><\/div>\n<\/div>\n<\/div>\n<\/section>\n<\/div>\n","protected":false},"excerpt":{"rendered":"<p>Termo T\u00e9rmico de Acero Inoxidable 500ML Termo inteligente es una excelente opci\u00f3n para tu rutina diaria. Lograr\u00e1s mantener tus bebidas<\/p>\n","protected":false},"featured_media":10367,"comment_status":"open","ping_status":"closed","template":"","meta":{"_joinchat":[]},"product_cat":[79],"product_tag":[],"class_list":{"0":"post-10364","1":"product","2":"type-product","3":"status-publish","4":"has-post-thumbnail","6":"product_cat-electrodomesticos","8":"first","9":"outofstock","10":"shipping-taxable","11":"purchasable","12":"product-type-simple"},"jetpack_sharing_enabled":true,"_links":{"self":[{"href":"https:\/\/almacentecno.com.ar\/index.php\/wp-json\/wp\/v2\/product\/10364"}],"collection":[{"href":"https:\/\/almacentecno.com.ar\/index.php\/wp-json\/wp\/v2\/product"}],"about":[{"href":"https:\/\/almacentecno.com.ar\/index.php\/wp-json\/wp\/v2\/types\/product"}],"replies":[{"embeddable":true,"href":"https:\/\/almacentecno.com.ar\/index.php\/wp-json\/wp\/v2\/comments?post=10364"}],"version-history":[{"count":1,"href":"https:\/\/almacentecno.com.ar\/index.php\/wp-json\/wp\/v2\/product\/10364\/revisions"}],"predecessor-version":[{"id":10368,"href":"https:\/\/almacentecno.com.ar\/index.php\/wp-json\/wp\/v2\/product\/10364\/revisions\/10368"}],"wp:featuredmedia":[{"embeddable":true,"href":"https:\/\/almacentecno.com.ar\/index.php\/wp-json\/wp\/v2\/media\/10367"}],"wp:attachment":[{"href":"https:\/\/almacentecno.com.ar\/index.php\/wp-json\/wp\/v2\/media?parent=10364"}],"wp:term":[{"taxonomy":"product_cat","embeddable":true,"href":"https:\/\/almacentecno.com.ar\/index.php\/wp-json\/wp\/v2\/product_cat?post=10364"},{"taxonomy":"product_tag","embeddable":true,"href":"https:\/\/almacentecno.com.ar\/index.php\/wp-json\/wp\/v2\/product_tag?post=10364"}],"curies":[{"name":"wp","href":"https:\/\/api.w.org\/{rel}","templated":true}]}}