{"id":10292,"date":"2023-11-23T20:51:56","date_gmt":"2023-11-23T20:51:56","guid":{"rendered":"https:\/\/almacentecno.com.ar\/?post_type=product&#038;p=10292"},"modified":"2024-05-20T18:16:37","modified_gmt":"2024-05-20T18:16:37","slug":"xiaomi-mi-smart-band-5-smart-watch-reloj-inteligente","status":"publish","type":"product","link":"https:\/\/almacentecno.com.ar\/index.php\/product\/xiaomi-mi-smart-band-5-smart-watch-reloj-inteligente\/","title":{"rendered":"Xiaomi Mi Smart Band 5 Smart Watch Reloj Inteligente"},"content":{"rendered":"<ul class=\"ui-vpp-highlighted-specs__features-list\">\n<li class=\"ui-vpp-highlighted-specs__features-list-item ui-pdp-color--BLACK ui-pdp-size--XSMALL ui-pdp-family--REGULAR\">Pantalla t\u00e1ctil AMOLED de 1.1&#8243;.<\/li>\n<li class=\"ui-vpp-highlighted-specs__features-list-item ui-pdp-color--BLACK ui-pdp-size--XSMALL ui-pdp-family--REGULAR\">Recibe notificaciones de WhatsApp.<\/li>\n<li class=\"ui-vpp-highlighted-specs__features-list-item ui-pdp-color--BLACK ui-pdp-size--XSMALL ui-pdp-family--REGULAR\">Reproduce audio.<\/li>\n<li class=\"ui-vpp-highlighted-specs__features-list-item ui-pdp-color--BLACK ui-pdp-size--XSMALL ui-pdp-family--REGULAR\">Resiste hasta 50m bajo el agua.<\/li>\n<li class=\"ui-vpp-highlighted-specs__features-list-item ui-pdp-color--BLACK ui-pdp-size--XSMALL ui-pdp-family--REGULAR\">Bater\u00eda de 14 d\u00edas de duraci\u00f3n.<\/li>\n<li class=\"ui-vpp-highlighted-specs__features-list-item ui-pdp-color--BLACK ui-pdp-size--XSMALL ui-pdp-family--REGULAR\">Conectividad por Bluetooth.<\/li>\n<li class=\"ui-vpp-highlighted-specs__features-list-item ui-pdp-color--BLACK ui-pdp-size--XSMALL ui-pdp-family--REGULAR\">Capacidad de la memoria interna de 16MB.<\/li>\n<li class=\"ui-vpp-highlighted-specs__features-list-item ui-pdp-color--BLACK ui-pdp-size--XSMALL ui-pdp-family--REGULAR\">Sensores incluidos: aceler\u00f3metro.<\/li>\n<li class=\"ui-vpp-highlighted-specs__features-list-item ui-pdp-color--BLACK ui-pdp-size--XSMALL ui-pdp-family--REGULAR\">Malla intercambiable por otros colores, no incluidos en el producto.<\/li>\n<li class=\"ui-vpp-highlighted-specs__features-list-item ui-pdp-color--BLACK ui-pdp-size--XSMALL ui-pdp-family--REGULAR\">Rango de ajuste de la malla: 155 mm x 219 mm.<\/li>\n<li class=\"ui-vpp-highlighted-specs__features-list-item ui-pdp-color--BLACK ui-pdp-size--XSMALL ui-pdp-family--REGULAR\">La duraci\u00f3n de la bater\u00eda depende del uso que se le d\u00e9 al producto.<\/li>\n<\/ul>\n<p>&nbsp;<\/p>\n<p>Con 10 a\u00f1os de trayectoria, Xiaomi se posiciona como uno de los l\u00edderes indiscutidos en el mercado de los smartwatches. Sus productos se destacan por la calidad, el dise\u00f1o sencillo y muy buenas prestaciones. La Mi Band tiene todo lo necesario para acompa\u00f1arte en tu rutina.<\/p>\n<p>La Mi Band 5 es un salto de evoluci\u00f3n respecto a sus predecesoras. Sin perder su versatilidad, la nueva pulsera inteligente de Xiaomi presenta mejoras que la hacen mucho m\u00e1s c\u00f3moda y funcional. Una de las principales es el cargador magn\u00e9tico: basta con acercar el extremo de carga al dispositivo y comenzar\u00e1 a llenarse la bater\u00eda. Por otro lado, su pantalla OLED presenta colores bien definidos y buen contraste, para visualizar con facilidad los datos incluso con luz solar directa. Y si hablamos de funcionalidades deportivas y de salud esta nueva versi\u00f3n se destaca de las dem\u00e1s por su precisi\u00f3n.<\/p>\n<p>&nbsp;<\/p>\n<p>&nbsp;<\/p>\n<p>&nbsp;<\/p>\n","protected":false},"excerpt":{"rendered":"<p>Pantalla t\u00e1ctil AMOLED de 1.1&#8243;. Recibe notificaciones de WhatsApp. Reproduce audio. Resiste hasta 50m bajo el agua. Bater\u00eda de 14<\/p>\n","protected":false},"featured_media":10293,"comment_status":"open","ping_status":"closed","template":"","meta":{"_joinchat":[]},"product_cat":[29],"product_tag":[],"class_list":{"0":"post-10292","1":"product","2":"type-product","3":"status-publish","4":"has-post-thumbnail","6":"product_cat-relojes","8":"first","9":"outofstock","10":"shipping-taxable","11":"purchasable","12":"product-type-simple"},"jetpack_sharing_enabled":true,"_links":{"self":[{"href":"https:\/\/almacentecno.com.ar\/index.php\/wp-json\/wp\/v2\/product\/10292"}],"collection":[{"href":"https:\/\/almacentecno.com.ar\/index.php\/wp-json\/wp\/v2\/product"}],"about":[{"href":"https:\/\/almacentecno.com.ar\/index.php\/wp-json\/wp\/v2\/types\/product"}],"replies":[{"embeddable":true,"href":"https:\/\/almacentecno.com.ar\/index.php\/wp-json\/wp\/v2\/comments?post=10292"}],"version-history":[{"count":1,"href":"https:\/\/almacentecno.com.ar\/index.php\/wp-json\/wp\/v2\/product\/10292\/revisions"}],"predecessor-version":[{"id":10296,"href":"https:\/\/almacentecno.com.ar\/index.php\/wp-json\/wp\/v2\/product\/10292\/revisions\/10296"}],"wp:featuredmedia":[{"embeddable":true,"href":"https:\/\/almacentecno.com.ar\/index.php\/wp-json\/wp\/v2\/media\/10293"}],"wp:attachment":[{"href":"https:\/\/almacentecno.com.ar\/index.php\/wp-json\/wp\/v2\/media?parent=10292"}],"wp:term":[{"taxonomy":"product_cat","embeddable":true,"href":"https:\/\/almacentecno.com.ar\/index.php\/wp-json\/wp\/v2\/product_cat?post=10292"},{"taxonomy":"product_tag","embeddable":true,"href":"https:\/\/almacentecno.com.ar\/index.php\/wp-json\/wp\/v2\/product_tag?post=10292"}],"curies":[{"name":"wp","href":"https:\/\/api.w.org\/{rel}","templated":true}]}}