{"id":10115,"date":"2023-03-01T21:14:03","date_gmt":"2023-03-01T21:14:03","guid":{"rendered":"https:\/\/almacentecno.com.ar\/?post_type=product&#038;p=10115"},"modified":"2024-06-11T23:17:16","modified_gmt":"2024-06-11T23:17:16","slug":"reloj-smartwatch-inteligente","status":"publish","type":"product","link":"https:\/\/almacentecno.com.ar\/index.php\/product\/reloj-smartwatch-inteligente\/","title":{"rendered":"Smartwatch Reloj Inteligente D18 Negro"},"content":{"rendered":"<p>RELOJ SMART WATCH<\/p>\n<p>Para los amantes de la tecnolog\u00eda y la vida saludable, un reloj inteligente es el complemento ideal de todas las actividades diarias. Las diferentes herramientas que incorpora est\u00e1n pensadas para hacer tu vida m\u00e1s f\u00e1cil.<\/p>\n<p>FUNCIONES:<br \/>\n-Modo multi-deportes.<br \/>\n-Pasos.<br \/>\n-Control musical.<br \/>\n-Ox\u00edgeno en sangre.<br \/>\n-Distancia.<br \/>\n-Ritmo cardiaco.<br \/>\n-Control de sue\u00f1o.<br \/>\n-Llamadas.<br \/>\n-Calor\u00edas.<br \/>\n-Informaci\u00f3n.<br \/>\n-Fotos remotas.<br \/>\n-Cronometro.<br \/>\n-Clima.<br \/>\n-Descanso.<\/p>\n<p>CARACTERISTICAS:<br \/>\nTipo de equipo: pulsera inteligente.<br \/>\nTipo de bater\u00eda: pol\u00edmero de litio.<br \/>\nMotor de vibraci\u00f3n: soporte.<br \/>\nM\u00e9todo de sincronizaci\u00f3n: buetooth 4.0.<br \/>\nRequisitos dl sistema: iOS9.0 y superior\/Android 5.0 y superior.<\/p>\n","protected":false},"excerpt":{"rendered":"<p>RELOJ SMART WATCH Para los amantes de la tecnolog\u00eda y la vida saludable, un reloj inteligente es el complemento ideal<\/p>\n","protected":false},"featured_media":10358,"comment_status":"open","ping_status":"closed","template":"","meta":{"_joinchat":[]},"product_cat":[29],"product_tag":[],"class_list":{"0":"post-10115","1":"product","2":"type-product","3":"status-publish","4":"has-post-thumbnail","6":"product_cat-relojes","8":"first","9":"instock","10":"shipping-taxable","11":"purchasable","12":"product-type-simple"},"jetpack_sharing_enabled":true,"_links":{"self":[{"href":"https:\/\/almacentecno.com.ar\/index.php\/wp-json\/wp\/v2\/product\/10115"}],"collection":[{"href":"https:\/\/almacentecno.com.ar\/index.php\/wp-json\/wp\/v2\/product"}],"about":[{"href":"https:\/\/almacentecno.com.ar\/index.php\/wp-json\/wp\/v2\/types\/product"}],"replies":[{"embeddable":true,"href":"https:\/\/almacentecno.com.ar\/index.php\/wp-json\/wp\/v2\/comments?post=10115"}],"version-history":[{"count":3,"href":"https:\/\/almacentecno.com.ar\/index.php\/wp-json\/wp\/v2\/product\/10115\/revisions"}],"predecessor-version":[{"id":10359,"href":"https:\/\/almacentecno.com.ar\/index.php\/wp-json\/wp\/v2\/product\/10115\/revisions\/10359"}],"wp:featuredmedia":[{"embeddable":true,"href":"https:\/\/almacentecno.com.ar\/index.php\/wp-json\/wp\/v2\/media\/10358"}],"wp:attachment":[{"href":"https:\/\/almacentecno.com.ar\/index.php\/wp-json\/wp\/v2\/media?parent=10115"}],"wp:term":[{"taxonomy":"product_cat","embeddable":true,"href":"https:\/\/almacentecno.com.ar\/index.php\/wp-json\/wp\/v2\/product_cat?post=10115"},{"taxonomy":"product_tag","embeddable":true,"href":"https:\/\/almacentecno.com.ar\/index.php\/wp-json\/wp\/v2\/product_tag?post=10115"}],"curies":[{"name":"wp","href":"https:\/\/api.w.org\/{rel}","templated":true}]}}