{"id":10107,"date":"2023-03-01T20:53:26","date_gmt":"2023-03-01T20:53:26","guid":{"rendered":"https:\/\/almacentecno.com.ar\/?post_type=product&#038;p=10107"},"modified":"2025-09-15T21:07:46","modified_gmt":"2025-09-15T21:07:46","slug":"smartband-m4","status":"publish","type":"product","link":"https:\/\/almacentecno.com.ar\/index.php\/product\/smartband-m4\/","title":{"rendered":"Smartband M4"},"content":{"rendered":"<p>Reloj Smartband Smart Bracelet M4<\/p>\n<p>Pantalla: 0.96\u201d TFT, resoluci\u00f3n: 160*80.<br \/>\nAutonom\u00eda: Hasta 3 d\u00edas modo b\u00e1sico.<\/p>\n<p>CARACTERISTICAS Y FUNCIONES:<br \/>\nRegistro de ejercicios (recuento de pasos, distancia, c\u00e1lculo de calor\u00edas), modo de ejercicio, env\u00edo de mensajes, almacenamiento de informaci\u00f3n, monitorizaci\u00f3n de la frecuencia card\u00edaca, monitorizaci\u00f3n del sue\u00f1o, medici\u00f3n de la saturaci\u00f3n de ox\u00edgeno, idioma de fuente completa, pantalla a color.<\/p>\n<p>Modos de Entrenamiento: Correr, saltar la soga, sit UP.<\/p>\n<p>Resistencia al agua: Resistencia al agua (Salpicaduras) No es sumergible<\/p>\n<p>Resistencia al Vapor: No.<\/p>\n<p>Bluetooth: 4.0.<\/p>\n<p>App: FIT PRO.<\/p>\n<p>Idioma: Ingl\u00e9s.<\/p>\n<p>Compatible: Android 4.0 o iOS 8.5 y superior.<\/p>\n","protected":false},"excerpt":{"rendered":"<p>Reloj Smartband Smart Bracelet M4 Pantalla: 0.96\u201d TFT, resoluci\u00f3n: 160*80. Autonom\u00eda: Hasta 3 d\u00edas modo b\u00e1sico. CARACTERISTICAS Y FUNCIONES: Registro<\/p>\n","protected":false},"featured_media":10108,"comment_status":"open","ping_status":"closed","template":"","meta":{"_joinchat":[]},"product_cat":[29],"product_tag":[],"class_list":{"0":"post-10107","1":"product","2":"type-product","3":"status-publish","4":"has-post-thumbnail","6":"product_cat-relojes","8":"first","9":"outofstock","10":"shipping-taxable","11":"purchasable","12":"product-type-simple"},"jetpack_sharing_enabled":true,"_links":{"self":[{"href":"https:\/\/almacentecno.com.ar\/index.php\/wp-json\/wp\/v2\/product\/10107"}],"collection":[{"href":"https:\/\/almacentecno.com.ar\/index.php\/wp-json\/wp\/v2\/product"}],"about":[{"href":"https:\/\/almacentecno.com.ar\/index.php\/wp-json\/wp\/v2\/types\/product"}],"replies":[{"embeddable":true,"href":"https:\/\/almacentecno.com.ar\/index.php\/wp-json\/wp\/v2\/comments?post=10107"}],"version-history":[{"count":1,"href":"https:\/\/almacentecno.com.ar\/index.php\/wp-json\/wp\/v2\/product\/10107\/revisions"}],"predecessor-version":[{"id":10110,"href":"https:\/\/almacentecno.com.ar\/index.php\/wp-json\/wp\/v2\/product\/10107\/revisions\/10110"}],"wp:featuredmedia":[{"embeddable":true,"href":"https:\/\/almacentecno.com.ar\/index.php\/wp-json\/wp\/v2\/media\/10108"}],"wp:attachment":[{"href":"https:\/\/almacentecno.com.ar\/index.php\/wp-json\/wp\/v2\/media?parent=10107"}],"wp:term":[{"taxonomy":"product_cat","embeddable":true,"href":"https:\/\/almacentecno.com.ar\/index.php\/wp-json\/wp\/v2\/product_cat?post=10107"},{"taxonomy":"product_tag","embeddable":true,"href":"https:\/\/almacentecno.com.ar\/index.php\/wp-json\/wp\/v2\/product_tag?post=10107"}],"curies":[{"name":"wp","href":"https:\/\/api.w.org\/{rel}","templated":true}]}}