{"id":10046,"date":"2023-01-25T17:10:00","date_gmt":"2023-01-25T17:10:00","guid":{"rendered":"https:\/\/almacentecno.com.ar\/?post_type=product&#038;p=10046"},"modified":"2024-05-16T23:45:19","modified_gmt":"2024-05-16T23:45:19","slug":"auricular-jbl-original-tune-125bt","status":"publish","type":"product","link":"https:\/\/almacentecno.com.ar\/index.php\/product\/auricular-jbl-original-tune-125bt\/","title":{"rendered":"Auricular JBL Original Tune 125BT"},"content":{"rendered":"<p>Caracter\u00edsticas de control y conexi\u00f3n<\/p>\n<p>Perfiles Bluetooth: HFP v1.5, HSP v1.2, A2DP v1.2, AVRCP v1.5<\/p>\n<p>Rango de frecuencia de transmisi\u00f3n Bluetooth: 2.402GHz-2.48GHz<\/p>\n<p>Transmisi\u00f3n de modulaci\u00f3n GFSK v\u00eda Bluetooth: GFSK, DQPSK, 8-DPSK<\/p>\n<p>Potencia de transmisi\u00f3n Bluetooth: 0~4dBm<\/p>\n<p>Versi\u00f3n Bluetooth: 5.0<\/p>\n<p>Bater\u00eda<\/p>\n<p>Tiempo de carga (horas): 2<\/p>\n<p>Tiempo de juego m\u00e1ximo (horas): 16<\/p>\n<p>Caracter\u00edsticas<\/p>\n<p>Bluetooth: S\u00ed<\/p>\n<p>Charging cable: S\u00ed<\/p>\n<p>Control remoto de 3 botones y micr\u00f3fono: S\u00ed<\/p>\n<p>Micr\u00f3fono integrado: S\u00ed<\/p>\n<p>Cable plano: S\u00ed<\/p>\n<p>Llamadas con manos libres: S\u00ed<\/p>\n<p>In-ear: S\u00ed<\/p>\n<p>In-ear neckband: S\u00ed<\/p>\n<p>Sonido JBL Pure Bass: S\u00ed<\/p>\n<p>Conexi\u00f3n Multipunto: S\u00ed<\/p>\n<p>Bater\u00eda recargable: S\u00ed<\/p>\n<p>Carga r\u00e1pida: S\u00ed<\/p>\n<p>Inal\u00e1mbrico: S\u00ed<\/p>\n","protected":false},"excerpt":{"rendered":"<p>Caracter\u00edsticas de control y conexi\u00f3n Perfiles Bluetooth: HFP v1.5, HSP v1.2, A2DP v1.2, AVRCP v1.5 Rango de frecuencia de transmisi\u00f3n<\/p>\n","protected":false},"featured_media":10047,"comment_status":"open","ping_status":"closed","template":"","meta":{"_joinchat":[]},"product_cat":[20],"product_tag":[],"class_list":{"0":"post-10046","1":"product","2":"type-product","3":"status-publish","4":"has-post-thumbnail","6":"product_cat-auriculares","8":"first","9":"outofstock","10":"shipping-taxable","11":"purchasable","12":"product-type-simple"},"jetpack_sharing_enabled":true,"_links":{"self":[{"href":"https:\/\/almacentecno.com.ar\/index.php\/wp-json\/wp\/v2\/product\/10046"}],"collection":[{"href":"https:\/\/almacentecno.com.ar\/index.php\/wp-json\/wp\/v2\/product"}],"about":[{"href":"https:\/\/almacentecno.com.ar\/index.php\/wp-json\/wp\/v2\/types\/product"}],"replies":[{"embeddable":true,"href":"https:\/\/almacentecno.com.ar\/index.php\/wp-json\/wp\/v2\/comments?post=10046"}],"version-history":[{"count":1,"href":"https:\/\/almacentecno.com.ar\/index.php\/wp-json\/wp\/v2\/product\/10046\/revisions"}],"predecessor-version":[{"id":10050,"href":"https:\/\/almacentecno.com.ar\/index.php\/wp-json\/wp\/v2\/product\/10046\/revisions\/10050"}],"wp:featuredmedia":[{"embeddable":true,"href":"https:\/\/almacentecno.com.ar\/index.php\/wp-json\/wp\/v2\/media\/10047"}],"wp:attachment":[{"href":"https:\/\/almacentecno.com.ar\/index.php\/wp-json\/wp\/v2\/media?parent=10046"}],"wp:term":[{"taxonomy":"product_cat","embeddable":true,"href":"https:\/\/almacentecno.com.ar\/index.php\/wp-json\/wp\/v2\/product_cat?post=10046"},{"taxonomy":"product_tag","embeddable":true,"href":"https:\/\/almacentecno.com.ar\/index.php\/wp-json\/wp\/v2\/product_tag?post=10046"}],"curies":[{"name":"wp","href":"https:\/\/api.w.org\/{rel}","templated":true}]}}