{"id":10004,"date":"2023-01-03T21:19:17","date_gmt":"2023-01-03T21:19:17","guid":{"rendered":"https:\/\/almacentecno.com.ar\/?post_type=product&#038;p=10004"},"modified":"2025-01-15T00:25:47","modified_gmt":"2025-01-15T00:25:47","slug":"parlante-portatil-8","status":"publish","type":"product","link":"https:\/\/almacentecno.com.ar\/index.php\/product\/parlante-portatil-8\/","title":{"rendered":"Parlante Port\u00e1til Bluetooth Panacom SP-3048"},"content":{"rendered":"<ul class=\"sc-34c797d0-2 caRSJV\">\n<li class=\"sc-34c797d0-3 bqzLZL\">\n<p class=\"sc-34c797d0-4 kdvZTD\" style=\"text-align: left\">Dise\u00f1o<\/p>\n<div id=\"5a301bee1400007f004908a5\">\n<p>El parlante port\u00e1til Bluetooth Panacom SP-3048CM cuenta con un dise\u00f1o ultra compacto que lo convierte en un aparato f\u00e1cil de trasladar para llevar tu m\u00fasica a donde vayas.<\/p>\n<\/div>\n<\/li>\n<li class=\"sc-34c797d0-3 bqzLZL\" style=\"text-align: left\">\n<p class=\"sc-34c797d0-4 kdvZTD\">Bater\u00eda \/ Durabilidad<\/p>\n<div id=\"5a301bee1400008a004908be\">\n<p>El Parlante Panacom SP-3048CM cuenta con una bater\u00eda recargable de Litio de 1200 mAh.<\/p>\n<\/div>\n<\/li>\n<li class=\"sc-34c797d0-3 bqzLZL\" style=\"text-align: left\">\n<p class=\"sc-34c797d0-4 kdvZTD\">Caracter\u00edsticas del parlante Panacom SP-3048CM<\/p>\n<div id=\"5a301bee1400007700490990\">\n<p>Dispone de una potencia de 20W RMS y te permite conectarlo a otro dispositivo electr\u00f3nico mediante su tecnolog\u00eda Bluetooth, con un alcance m\u00e1ximo de 10 metros. Tambi\u00e9n, incluye entrada para micr\u00f3fono, puerto USB y lector de tarjeta SD.<\/p>\n<\/div>\n<\/li>\n<li class=\"sc-34c797d0-3 bqzLZL\">\n<p class=\"sc-34c797d0-4 kdvZTD\" style=\"text-align: left\">Incluye<\/p>\n<div class=\"sc-34c797d0-6 hXHXnJ\">\n<div id=\"5a301bee14000063004908b7\">\n<p style=\"text-align: left\">Micr\u00f3fono con cable.<\/p>\n<\/div>\n<\/div>\n<\/li>\n<\/ul>\n","protected":false},"excerpt":{"rendered":"<p>Dise\u00f1o El parlante port\u00e1til Bluetooth Panacom SP-3048CM cuenta con un dise\u00f1o ultra compacto que lo convierte en un aparato f\u00e1cil<\/p>\n","protected":false},"featured_media":10879,"comment_status":"open","ping_status":"closed","template":"","meta":{"_joinchat":[]},"product_cat":[78],"product_tag":[],"class_list":{"0":"post-10004","1":"product","2":"type-product","3":"status-publish","4":"has-post-thumbnail","6":"product_cat-equipos-de-sonido","8":"first","9":"outofstock","10":"shipping-taxable","11":"purchasable","12":"product-type-simple"},"jetpack_sharing_enabled":true,"_links":{"self":[{"href":"https:\/\/almacentecno.com.ar\/index.php\/wp-json\/wp\/v2\/product\/10004"}],"collection":[{"href":"https:\/\/almacentecno.com.ar\/index.php\/wp-json\/wp\/v2\/product"}],"about":[{"href":"https:\/\/almacentecno.com.ar\/index.php\/wp-json\/wp\/v2\/types\/product"}],"replies":[{"embeddable":true,"href":"https:\/\/almacentecno.com.ar\/index.php\/wp-json\/wp\/v2\/comments?post=10004"}],"version-history":[{"count":5,"href":"https:\/\/almacentecno.com.ar\/index.php\/wp-json\/wp\/v2\/product\/10004\/revisions"}],"predecessor-version":[{"id":10887,"href":"https:\/\/almacentecno.com.ar\/index.php\/wp-json\/wp\/v2\/product\/10004\/revisions\/10887"}],"wp:featuredmedia":[{"embeddable":true,"href":"https:\/\/almacentecno.com.ar\/index.php\/wp-json\/wp\/v2\/media\/10879"}],"wp:attachment":[{"href":"https:\/\/almacentecno.com.ar\/index.php\/wp-json\/wp\/v2\/media?parent=10004"}],"wp:term":[{"taxonomy":"product_cat","embeddable":true,"href":"https:\/\/almacentecno.com.ar\/index.php\/wp-json\/wp\/v2\/product_cat?post=10004"},{"taxonomy":"product_tag","embeddable":true,"href":"https:\/\/almacentecno.com.ar\/index.php\/wp-json\/wp\/v2\/product_tag?post=10004"}],"curies":[{"name":"wp","href":"https:\/\/api.w.org\/{rel}","templated":true}]}}